{"text_format":"1","workbook":"xlsx","n_sheets":6,"sheets":["Instructions","Calculator","Sheet2","Sheet3","Sheet4","Sheet5"],"not_rendered":{"charts":0,"images":0,"macros":1,"external_links":0,"defined_names":0,"comments":0,"pivot_tables":0},"unopened":[],"bounds":{"document_bytes":16777216,"sheet_cells":100000,"rows_first":2000,"rows_last":500,"rows_between":2000,"halvings":0,"cell_chars":16384,"cell_head_chars":4096},"cells_cut":0,"cells_raw":0,"read":"whole","date_system":"1900"}

{"sheet":"Instructions","index":0,"n_rows":49,"n_cols":17,"rows_kept":49,"cut":false,"hidden":false,"merged":[[43,4,43,5],[43,6,43,14],[44,4,44,5],[44,6,44,14],[45,4,45,5],[45,6,45,14],[42,4,42,14],[35,4,35,14],[36,4,36,5],[36,6,36,14],[37,4,37,5],[37,6,37,14],[38,4,38,5],[38,6,38,14],[39,4,39,5],[39,6,39,14],[40,4,40,14],[41,4,41,5],[41,6,41,14],[32,4,32,5],[32,6,32,14],[33,4,33,5],[33,6,33,14],[34,4,34,5],[34,6,34,14],[31,4,31,5],[31,6,31,14],[25,4,25,5],[25,6,25,14],[26,4,26,5],[26,6,26,14],[27,4,27,5],[27,6,27,14],[28,4,28,5],[28,6,28,14],[29,4,29,5],[29,6,29,14],[30,4,30,14],[22,4,22,5],[22,6,22,14],[23,4,23,5],[23,6,23,14],[24,4,24,5],[24,6,24,14],[21,4,21,5],[21,6,21,14],[14,4,14,5],[14,6,14,14],[15,4,15,14],[16,4,16,5],[16,6,16,14],[17,4,17,5],[17,6,17,14],[18,4,18,5],[18,6,18,14],[19,4,19,14],[20,4,20,5],[20,6,20,14],[10,4,10,5],[10,6,10,14],[11,4,11,5],[11,6,11,14],[12,4,12,14],[7,6,7,14],[8,4,8,5],[8,6,8,14],[9,4,9,5],[9,6,9,14],[1,16,2,17],[4,16,11,17],[46,4,46,14],[47,4,47,5],[48,4,48,5],[47,6,47,14],[48,6,48,14],[1,4,2,14],[4,4,4,5],[4,6,4,14],[5,4,5,14],[6,4,6,5],[6,6,6,14],[13,4,13,5],[13,6,13,14],[7,4,7,5]]}
[]
[null,null,null,null,"Instructions for Warehouse Receipt Calculator for Peanuts",null,null,null,null,null,null,null,null,null,null,null,"Tools"]
[]
[]
[null,null,null,null,"Item",null,"Description",null,null,null,null,null,null,null,null,null,"The \"CLEAR CONTENTS\" button will allow you to clear all entries and selections on the workpage."]
[null,null,null,null,"A. Commodity Information"]
[null,null,null,null,"Crop Year",null,"Select the applicable crop year from the dropdown menu."]
[null,null,null,null,"Peanut",null,"List of Peanuts by Type."]
[null,null,null,null,"Support Rate per Ton",null,"Displays the National Loan Rate by type for the crop year selected."]
[null,null,null,null,"Value Per 1% of SMK",null,"Displays the SMK Rate by type for the crop year selected."]
[null,null,null,null,"Receipt Number",null,"Enter the receipt number."]
[null,null,null,null,"Peanut Type",null,"Select the peanut type from the dropdown menu."]
[null,null,null,null,"B. Loan Rate Information"]
[null,null,null,null,"1. Loan Rate",null,"Displays the NLR for the peanut type selected."]
[null,null,null,null,"2. Value Per % Total SMK",null,"Displays the SMK rate for the peanut type selected. Premiums and discounts are applied at the time of loan making. The value per percent of sound mature kernels is used to find the base loan rate before applying other premiums and discounts. "]
[null,null,null,null,"C. Loan Quantity (from Receipt)"]
[null,null,null,null,"3. Net Tons (Excluding LSK)",null,"Enter  the net tons excluding LSK from the warehouse receipt."]
[null,null,null,null,"4. LSK Tons",null,"Enter the LSK tons from the warehouse receipt."]
[null,null,null,null,"5. Loan Quantity",null,"Displays total tons for loan by taking the sum of Net Tons excluding LSK and LSK Tons. The calculated net loan rate including premiums and discounts is applied only to the net tons. The LSK (loose shelled kernels) value is calculated by multiplying the LSK tons by $140.00.  "]
[null,null,null,null,"D. Grade Factors (from Receipt)"]
[null,null,null,null,"6. Seg.",null,"Select the applicable grade or seg. From the dropdown menu. Peanuts are graded on a segregation basis of 1,2, or 3. Seg 2 and Seg 3 peanuts are eligible for loan at 35% of the NLR by type. "]
[null,null,null,null,"7. Moisture",null,"Enter the moisture % from the warehouse receipt."]
[null,null,null,null,"8. Foreign Material",null,"Enter the foreign material % from the warehouse receipt. Foreign Material % is used to calculate discounts applied to the net loan rate."]
[null,null,null,null,"9. Sound Splits",null,"Enter the sound splits % from the warehouse receipt. Sound Splits % is used to calculate discounts applied to the net loan rate. "]
[null,null,null,null,"10. Total SMK",null,"Enter the total SMK from the warehouse receipt. Total SMK is not to be confused with SMK. Total SMK is calculated by adding the SMK% and the Sound Splits%. It is shown on the warehouse receipt as Total SMK or SMKSS."]
[null,null,null,null,"11. Other Kernels",null,"Enter the other kernels % from the warehouse receipt. Other kernels are used to calculate premiums added to the base loan rate by multiplying OK% times $1.40."]
[null,null,null,null,"12. Damaged Kernels",null,"Enter the damaged kernels % from the warehouse receipt. Damaged Kernel % is used to calculate discounts applied to the net loan rate."]
[null,null,null,null,"13. Hulls",null,"Enter the hulls % from the warehouse receipt."]
[null,null,null,null,"14. Total Kernels & Hulls",null,"Enter the total kernels & hulls % from the warehouse receipt. Total kernels & hulls is listed grading factor,  calculated by adding the % of Total Kernels and the % of Hulls, and is shown on the warehouse receipt."]
[null,null,null,null,"15. ELK ",null,"Enter the ELK % from the warehouse receipt."]
[null,null,null,null,"E. Calculations"]
[null,null,null,null,"16. Total SMK",null,"Displays the base loan rate found by multiplying the Total SMK % and the SMK Rate for the applicable peanut type. "]
[null,null,null,null,"17. Other Kernel Premium",null,"Displays the calculated amount of Other Kernel premium found by multiplying the OK% times $1.40. Applicable for all peanut types. "]
[null,null,null,null,"18. ELK Premium",null,"Displays the calculated amount of ELK (Extra Long Kernel) premium found by multiplying the ELK % times 0.35. The ELK premium is only applicable to Virginia peanuts. "]
[null,null,null,null,"19. Total Kernel Value",null,"Displays the Total Kernel Value by adding the OK premium and ELK premium to the base loan rate. "]
[null,null,null,null,"F. Discounts"]
[null,null,null,null,"20. Damaged Kernels",null,"Displays the calculated amount of DK discount found by multiplying the DK % and the rate of discount shown in 2 LP Peanuts."]
[null,null,null,null,"21. Excess Foreign Material",null,"Displays the calculated amount of FM discount found by multiplying the FM % and the rate of discount shown in 2 LP Peanuts."]
[null,null,null,null,"22. Excess Splits",null,"Displays the calculated amount of SS discount found by multiplying the SS % and the rate of discount shown in 2 LP Peanuts. "]
[null,null,null,null,"23. Total Discount",null,"Displays the total discount to be applied to the base loan rate by adding calculated discounts for DK, FM, and SS. "]
[null,null,null,null,"G. Net Loan Rate Excluding LSK"]
[null,null,null,null,"24. Net Loan Rate Excl. LSK",null,"Displays the Net Loan Rate excl. LSK calculated by subtracting the total discounts from the Total Kernel Value. If Seg 2 peanut is selected, result will display as FALSE. See section \"I\"."]
[null,null,null,null,"H. Value Per Pound Including LSK"]
[null,null,null,null,"25. Value Excl. LSK",null,"Displays the Value excl. LSK calculated by multiplying the Net Loan Rate excl. LSK and the Net Tons excl. LSK. If Seg 2 peanut is selected, result will display as FALSE. See section \"I\"."]
[null,null,null,null,"26. Value of LSK",null,"Displays the Value of LSK calculated by multiplying the LSK Tons by $140.00. If Seg 2 peanut is selected, result will display as FALSE. See section \"I\"."]
[null,null,null,null,"27. Loan Amount / Receipt Loan Value",null,"Displays the Loan Amount / Receipt Loan Value calculated by adding the Value excl. LSK and the Value of LSK. Receipt Loan Value should match the value printed on paper warehouse receipts and the value shown on EWR receipts. Due to rounding of calculations, a $10 tolerance is acceptable. If Seg 2 peanut is selected, result will display as FALSE. See section \"I\"."]
[null,null,null,null,"I. Seg 2 & Seg 3 Value"]
[null,null,null,null,"28. Net Loan Rate (Seg 2 & 3)",null,"Displays the Net Loan Rate calculated by multiplying the loan rate of peanut type by 35%. If Seg 1 peanut is selected, result will display FALSE. See section \"H\"."]
[null,null,null,null,"29. Loan Amount / Receipt Loan Value (Seg 2 & 3)",null,"Displays the Loan Amount / Receipt Loan Value calculated by multiplying the Net Loan Rate for Seg 2 / Seg 3 by the Total Tons. If Seg 1 peanut is selected, result will display as FALSE. See section \"H\"."]

{"sheet":"Calculator","index":1,"n_rows":39,"n_cols":7,"rows_kept":39,"cut":false,"hidden":false,"merged":[[34,0,34,2],[10,4,10,6],[13,4,13,6],[7,0,7,1],[8,0,8,1],[10,0,10,2],[14,0,14,2],[18,0,18,2],[29,0,29,2],[18,4,18,6]]}
["Crop Year"]
["Peanut","Support Rate per Ton","Value Per 1 % of SMK"]
["Runner ",{"$f":"SUMIFS(Sheet2!F2:F40,Sheet2!E2:E40,B1,Sheet2!D2:D40,A3)","v":0},{"$f":"SUMIFS(Sheet2!G2:G40,Sheet2!E2:E40,B1,Sheet2!D2:D40,A3)","v":0}]
["Spanish",{"$f":"SUMIFS(Sheet2!F2:F40,Sheet2!E2:E40,B1,Sheet2!D2:D40,A4)","v":0},{"$f":"SUMIFS(Sheet2!G2:G40,Sheet2!E2:E40,B1,Sheet2!D2:D40,A4)","v":0}]
["Valencia",{"$f":"SUMIFS(Sheet2!F2:F40,Sheet2!E2:E40,B1,Sheet2!D2:D40,A5)","v":0},{"$f":"SUMIFS(Sheet2!G2:G40,Sheet2!E2:E40,B1,Sheet2!D2:D40,A5)","v":0}]
["Virginia",{"$f":"SUMIFS(Sheet2!F2:F40,Sheet2!E2:E40,B1,Sheet2!D2:D40,A6)","v":0},{"$f":"SUMIFS(Sheet2!G2:G40,Sheet2!E2:E40,B1,Sheet2!D2:D40,A6)","v":0}]
[]
["Receipt Number"]
["Peanut Type",null,"Runner "]
[]
["Warehouse Stored Seg 1 Peanuts",null,null,null,"Net Loan Rate Excluding LSK"]
["Line","Description","Amount",null,"Line","Description","Amount"]
[1,"Loan Rate",{"$f":"SUMIF(A2:A6,C9,B2:B6)","v":0},null,24,"Net Loan Rate Excl. LSK (Line 19 - Line 23)",{"$f":"IF(C20=1,C34-C39)","v":false}]
[2,"Value Per % Total SMK",{"$f":"SUMIF(A2:A6,C9,C2:C6)","v":0},null,"Vale Per Pound Including LSK"]
["Loan quantity (from Receipt)",null,null,null,25,"Value Excl. LSK (Line 3 x Line 24)",{"$f":"IF(C20=0,0,IF(C20=1,SUM(C16*G13)))","v":0}]
[3,"Net Tons (Excluding LSK)",null,null,26,"Value of LSK (Line 4 x $140.00)",{"$f":"IF(C20=0,0,IF(C20=1,SUM(C17*140)))","v":0}]
[4,"LSK Tons",null,null,27,"Loan Amount / Receipt Loan Value (Line 25 + Line 26)",{"$f":"SUM(G15:G16)","v":0}]
[5,"Loan Quanitty - Total Tons (Line 3 + Line 4)",{"$f":"SUM(C16:C17)","v":0}]
["Grade Factors (from Receipt)",null,null,null,"Seg 2 & Seg 3 Value"]
[6,"Seg.",null,null,28,"Net Loan Rate (Line 13 x 35 %)",{"$f":"IF(OR(C20=2,C20=3),C13*0.35)","v":false}]
[7,"Moisture",null,null,29,"Loan Amount / Receipt Value (Line 28 x Line 5)",{"$f":"SUM(G20*C18)","v":0}]
[8,"Foreign Material"]
[9,"Sound Splits"]
[10,"Total Sound Mature Kernels"]
[11,"Other Kernels"]
[12,"Damaged Kernels"]
[13,"Hulls"]
[14,"Total Kernels + Hulls "]
[15,"ELK (Virginia Peanuts Only)"]
["Calculations"]
[16,"Total SMK (Line 10 x Line 2)",{"$f":"C24*C14","v":0}]
[17,"Other Kernel (Line 11 x $1.40)",{"$f":"C25*1.4","v":0}]
[18,"ELK - Virginia Peanuts Only (Line 15 x 0.35)",{"$f":"C29*0.35","v":0}]
[19,"Total Kernel Value (Line 16 + Line 17 + Line 18)",{"$f":"SUM(C31:C33)","v":0}]
["Discounts"]
[20,"Damaged Kernels (%DMG x Rate from Discount Table)",{"$f":"SUMIF(Sheet3!A1:A349,C26,Sheet3!B1:B349)","v":0}]
[21,"Excess FM (%FM x Rate from Discount Table)",{"$f":"SUMIF(Sheet4!A1:A2049,C22,Sheet4!B1:B2049)","v":0}]
[22,"Excess Splits (%SS x Rate from Discount Table)",{"$f":"SUMIF(Sheet5!A1:A1749,C23,Sheet5!B1:B1749)","v":0}]
[23,"Total Discount",{"$f":"SUM(C36:C38)","v":0}]

{"sheet":"Sheet2","index":2,"n_rows":25,"n_cols":9,"rows_kept":25,"cut":false,"hidden":false,"merged":[]}
[null,null,null,null,"Crop Year","NLR","SMK"]
[null,"Runner ",null,"Runner ",2019,354.13,4.8079999999999998,null,1]
[null,"Spanish",null,"Spanish",2019,346.7,4.7839999999999998,null,2]
[null,"Valencia",null,"Valencia",2019,360.94,5.399,null,3]
[null,"Virginia",null,"Virginia",2019,360.94,4.9039999999999999]
[null,null,null,"Runner ",2020,354.55,4.8120000000000003]
[null,2019,null,"Spanish",2020,345.57,4.7880000000000003]
[null,2020,null,"Valencia",2020,358.74,5.3710000000000004]
[null,2021,null,"Virginia",2020,358.74,4.9080000000000004]
[null,2022,null,"Runner ",2021,354.89,4.8120000000000003]
[null,2023,null,"Spanish",2021,343.05,4.7880000000000003]
[null,2024,null,"Valencia",2021,357.7,5.3929999999999998]
[null,null,null,"Virginia",2021,357.7,4.9080000000000004]
[null,null,null,"Runner ",2022,354.68,4.7880000000000003]
[null,null,null,"Spanish",2022,343.41,4.7640000000000002]
[null,null,null,"Valencia",2022,358.31,5.4080000000000004]
[null,null,null,"Virginia",2022,358.31,4.8840000000000003]
[null,null,null,"Runner ",2023,354.41,4.7960000000000003]
[null,null,null,"Spanish",2023,344.27,4.7720000000000002]
[null,null,null,"Valencia",2023,359.76,5.4219999999999997]
[null,null,null,"Virginia",2023,359.76,4.8920000000000003]
[null,null,null,"Runner ",2024,354.33,4.8289999999999997]
[null,null,null,"Spanish",2024,344.85,4.8049999999999997]
[null,null,null,"Valencia",2024,360.21,5.3920000000000003]
[null,null,null,"Virginia",2024,360.21,4.9260000000000002]

{"sheet":"Sheet3","index":3,"n_rows":349,"n_cols":4,"rows_kept":349,"cut":false,"hidden":true,"merged":[]}
[0.01,0,null,"Damage"]
[0.02,0]
[0.03,0]
[0.04,0]
[0.05,0]
[6.0000000000000005E-2,0]
[6.9999999999999993E-2,0]
[0.08,0]
[0.09,0]
[9.9999999999999992E-2,0]
[0.11,0]
[0.12,0]
[0.13,0]
[0.14000000000000001,0]
[0.15000000000000002,0]
[0.16,0]
[0.17,0]
[0.18000000000000002,0]
[0.19,0]
[0.2,0]
[0.21000000000000002,0]
[0.22,0]
[0.23,0]
[0.24000000000000002,0]
[0.25,0]
[0.26,0]
[0.27,0]
[0.28000000000000003,0]
[0.29000000000000004,0]
[0.3,0]
[0.31,0]
[0.32,0]
[0.33,0]
[0.34,0]
[0.35000000000000003,0]
[0.36000000000000004,0]
[0.37,0]
[0.38,0]
[0.39,0]
[0.4,0]
[0.41000000000000003,0]
[0.42000000000000004,0]
[0.43,0]
[0.44,0]
[0.45,0]
[0.46,0]
[0.47000000000000003,0]
[0.48000000000000004,0]
[0.49,0]
[0.5,0]
[0.51,0]
[0.52,0]
[0.53,0]
[0.54,0]
[0.55000000000000004,0]
[0.56000000000000005,0]
[0.57000000000000006,0]
[0.58000000000000007,0]
[0.59,0]
[0.6,0]
[0.61,0]
[0.62,0]
[0.63,0]
[0.64,0]
[0.65,0]
[0.66,0]
[0.67,0]
[0.68,0]
[0.69000000000000006,0]
[0.70000000000000007,0]
[0.71000000000000008,0]
[0.72,0]
[0.73,0]
[0.74,0]
[0.75,0]
[0.76,0]
[0.77,0]
[0.78,0]
[0.79,0]
[0.8,0]
[0.81,0]
[0.82000000000000006,0]
[0.83000000000000007,0]
[0.84000000000000008,0]
[0.85,0]
[0.86,0]
[0.87,0]
[0.88,0]
[0.89,0]
[0.9,0]
[0.91,0]
[0.92,0]
[0.93,0]
[0.94000000000000006,0]
[0.95000000000000007,0]
[0.96000000000000008,0]
[0.97,0]
[0.98,0]
[0.99,0]
[1,0]
[1.01,0]
[1.02,0]
[1.03,0]
[1.04,0]
[1.05,0]
[1.06,0]
[1.07,0]
[1.08,0]
[1.0900000000000001,0]
[1.1000000000000001,0]
[1.1100000000000001,0]
[1.1200000000000001,0]
[1.1300000000000001,0]
[1.1400000000000001,0]
[1.1500000000000001,0]
[1.1600000000000001,0]
[1.17,0]
[1.18,0]
[1.19,0]
[1.2,0]
[1.21,0]
[1.22,0]
[1.23,0]
[1.24,0]
[1.25,0]
[1.26,0]
[1.27,0]
[1.28,0]
[1.29,0]
[1.3,0]
[1.31,0]
[1.32,0]
[1.33,0]
[1.34,0]
[1.35,0]
[1.36,0]
[1.37,0]
[1.3800000000000001,0]
[1.3900000000000001,0]
[1.4000000000000001,0]
[1.4100000000000001,0]
[1.42,0]
[1.43,0]
[1.44,0]
[1.45,0]
[1.46,0]
[1.47,0]
[1.48,0]
[1.49,0]
[1.5,3.4]
[1.51,3.4]
[1.52,3.4]
[1.53,3.4]
[1.54,3.4]
[1.55,3.4]
[1.56,3.4]
[1.57,3.4]
[1.58,3.4]
[1.59,3.4]
[1.6,3.4]
[1.61,3.4]
[1.62,3.4]
[1.6300000000000001,3.4]
[1.6400000000000001,3.4]
[1.6500000000000001,3.4]
[1.6600000000000001,3.4]
[1.6700000000000002,3.4]
[1.68,3.4]
[1.69,3.4]
[1.7,3.4]
[1.71,3.4]
[1.72,3.4]
[1.73,3.4]
[1.74,3.4]
[1.75,3.4]
[1.76,3.4]
[1.77,3.4]
[1.78,3.4]
[1.79,3.4]
[1.8,3.4]
[1.81,3.4]
[1.82,3.4]
[1.83,3.4]
[1.84,3.4]
[1.85,3.4]
[1.86,3.4]
[1.87,3.4]
[1.8800000000000001,3.4]
[1.8900000000000001,3.4]
[1.9000000000000001,3.4]
[1.9100000000000001,3.4]
[1.9200000000000002,3.4]
[1.93,3.4]
[1.94,3.4]
[1.95,3.4]
[1.96,3.4]
[1.97,3.4]
[1.98,3.4]
[1.99,3.4]
[2,3.4]
[2.0099999999999998,3.4]
[2.02,3.4]
[2.0299999999999998,3.4]
[2.04,3.4]
[2.0499999999999998,3.4]
[2.0599999999999996,3.4]
[2.0699999999999998,3.4]
[2.0799999999999996,3.4]
[2.09,3.4]
[2.0999999999999996,3.4]
[2.11,3.4]
[2.1199999999999997,3.4]
[2.13,3.4]
[2.1399999999999997,3.4]
[2.15,3.4]
[2.1599999999999997,3.4]
[2.17,3.4]
[2.1799999999999997,3.4]
[2.19,3.4]
[2.1999999999999997,3.4]
[2.21,3.4]
[2.2199999999999998,3.4]
[2.23,3.4]
[2.2399999999999998,3.4]
[2.25,3.4]
[2.2599999999999998,3.4]
[2.27,3.4]
[2.2799999999999998,3.4]
[2.29,3.4]
[2.2999999999999998,3.4]
[2.31,3.4]
[2.3199999999999998,3.4]
[2.3299999999999996,3.4]
[2.34,3.4]
[2.3499999999999996,3.4]
[2.36,3.4]
[2.3699999999999997,3.4]
[2.38,3.4]
[2.3899999999999997,3.4]
[2.4,3.4]
[2.4099999999999997,3.4]
[2.42,3.4]
[2.4299999999999997,3.4]
[2.44,3.4]
[2.4499999999999997,3.4]
[2.46,3.4]
[2.4699999999999998,3.4]
[2.48,3.4]
[2.4899999999999998,3.4]
[2.5,7]
[2.5099999999999998,7]
[2.52,7]
[2.5299999999999998,7]
[2.54,7]
[2.5499999999999998,7]
[2.56,7]
[2.57,7]
[2.5799999999999996,7]
[2.59,7]
[2.5999999999999996,7]
[2.61,7]
[2.6199999999999997,7]
[2.63,7]
[2.6399999999999997,7]
[2.65,7]
[2.6599999999999997,7]
[2.67,7]
[2.6799999999999997,7]
[2.69,7]
[2.6999999999999997,7]
[2.71,7]
[2.7199999999999998,7]
[2.73,7]
[2.7399999999999998,7]
[2.75,7]
[2.76,7]
[2.77,7]
[2.78,7]
[2.79,7]
[2.8,7]
[2.81,7]
[2.82,7]
[2.8299999999999996,7]
[2.84,7]
[2.8499999999999996,7]
[2.86,7]
[2.8699999999999997,7]
[2.88,7]
[2.8899999999999997,7]
[2.9,7]
[2.9099999999999997,7]
[2.92,7]
[2.9299999999999997,7]
[2.94,7]
[2.9499999999999997,7]
[2.96,7]
[2.9699999999999998,7]
[2.98,7]
[2.9899999999999998,7]
[3,7]
[3.01,7]
[3.02,7]
[3.03,7]
[3.04,7]
[3.05,7]
[3.06,7]
[3.07,7]
[3.08,7]
[3.09,7]
[3.0999999999999996,7]
[3.11,7]
[3.1199999999999997,7]
[3.13,7]
[3.1399999999999997,7]
[3.15,7]
[3.1599999999999997,7]
[3.17,7]
[3.1799999999999997,7]
[3.19,7]
[3.1999999999999997,7]
[3.21,7]
[3.2199999999999998,7]
[3.23,7]
[3.2399999999999998,7]
[3.25,7]
[3.26,7]
[3.27,7]
[3.28,7]
[3.29,7]
[3.3,7]
[3.31,7]
[3.32,7]
[3.33,7]
[3.34,7]
[3.3499999999999996,7]
[3.36,7]
[3.3699999999999997,7]
[3.38,7]
[3.3899999999999997,7]
[3.4,7]
[3.4099999999999997,7]
[3.42,7]
[3.4299999999999997,7]
[3.44,7]
[3.4499999999999997,7]
[3.46,7]
[3.4699999999999998,7]
[3.48,7]
[3.4899999999999998,7]

{"sheet":"Sheet4","index":4,"n_rows":2050,"n_cols":4,"rows_kept":2050,"cut":false,"hidden":true,"merged":[]}
[0.01,0,null,"Foreign Material"]
[0.02,0]
[0.03,0]
[0.04,0]
[0.05,0]
[6.0000000000000005E-2,0]
[6.9999999999999993E-2,0]
[0.08,0]
[0.09,0]
[9.9999999999999992E-2,0]
[0.11,0]
[0.12,0]
[0.13,0]
[0.14000000000000001,0]
[0.15000000000000002,0]
[0.16,0]
[0.17,0]
[0.18000000000000002,0]
[0.19,0]
[0.2,0]
[0.21000000000000002,0]
[0.22,0]
[0.23,0]
[0.24000000000000002,0]
[0.25,0]
[0.26,0]
[0.27,0]
[0.28000000000000003,0]
[0.29000000000000004,0]
[0.3,0]
[0.31,0]
[0.32,0]
[0.33,0]
[0.34,0]
[0.35000000000000003,0]
[0.36000000000000004,0]
[0.37,0]
[0.38,0]
[0.39,0]
[0.4,0]
[0.41000000000000003,0]
[0.42000000000000004,0]
[0.43,0]
[0.44,0]
[0.45,0]
[0.46,0]
[0.47000000000000003,0]
[0.48000000000000004,0]
[0.49,0]
[0.5,0]
[0.51,0]
[0.52,0]
[0.53,0]
[0.54,0]
[0.55000000000000004,0]
[0.56000000000000005,0]
[0.57000000000000006,0]
[0.58000000000000007,0]
[0.59,0]
[0.6,0]
[0.61,0]
[0.62,0]
[0.63,0]
[0.64,0]
[0.65,0]
[0.66,0]
[0.67,0]
[0.68,0]
[0.69000000000000006,0]
[0.70000000000000007,0]
[0.71000000000000008,0]
[0.72,0]
[0.73,0]
[0.74,0]
[0.75,0]
[0.76,0]
[0.77,0]
[0.78,0]
[0.79,0]
[0.8,0]
[0.81,0]
[0.82000000000000006,0]
[0.83000000000000007,0]
[0.84000000000000008,0]
[0.85,0]
[0.86,0]
[0.87,0]
[0.88,0]
[0.89,0]
[0.9,0]
[0.91,0]
[0.92,0]
[0.93,0]
[0.94000000000000006,0]
[0.95000000000000007,0]
[0.96000000000000008,0]
[0.97,0]
[0.98,0]
[0.99,0]
[1,0]
[1.01,0]
[1.02,0]
[1.03,0]
[1.04,0]
[1.05,0]
[1.06,0]
[1.07,0]
[1.08,0]
[1.0900000000000001,0]
[1.1000000000000001,0]
[1.1100000000000001,0]
[1.1200000000000001,0]
[1.1300000000000001,0]
[1.1400000000000001,0]
[1.1500000000000001,0]
[1.1600000000000001,0]
[1.17,0]
[1.18,0]
[1.19,0]
[1.2,0]
[1.21,0]
[1.22,0]
[1.23,0]
[1.24,0]
[1.25,0]
[1.26,0]
[1.27,0]
[1.28,0]
[1.29,0]
[1.3,0]
[1.31,0]
[1.32,0]
[1.33,0]
[1.34,0]
[1.35,0]
[1.36,0]
[1.37,0]
[1.3800000000000001,0]
[1.3900000000000001,0]
[1.4000000000000001,0]
[1.4100000000000001,0]
[1.42,0]
[1.43,0]
[1.44,0]
[1.45,0]
[1.46,0]
[1.47,0]
[1.48,0]
[1.49,0]
[1.5,0]
[1.51,0]
[1.52,0]
[1.53,0]
[1.54,0]
[1.55,0]
[1.56,0]
[1.57,0]
[1.58,0]
[1.59,0]
[1.6,0]
[1.61,0]
[1.62,0]
[1.6300000000000001,0]
[1.6400000000000001,0]
[1.6500000000000001,0]
[1.6600000000000001,0]
[1.6700000000000002,0]
[1.68,0]
[1.69,0]
[1.7,0]
[1.71,0]
[1.72,0]
[1.73,0]
[1.74,0]
[1.75,0]
[1.76,0]
[1.77,0]
[1.78,0]
[1.79,0]
[1.8,0]
[1.81,0]
[1.82,0]
[1.83,0]
[1.84,0]
[1.85,0]
[1.86,0]
[1.87,0]
[1.8800000000000001,0]
[1.8900000000000001,0]
[1.9000000000000001,0]
[1.9100000000000001,0]
[1.9200000000000002,0]
[1.93,0]
[1.94,0]
[1.95,0]
[1.96,0]
[1.97,0]
[1.98,0]
[1.99,0]
[2,0]
[2.0099999999999998,0]
[2.02,0]
[2.0299999999999998,0]
[2.04,0]
[2.0499999999999998,0]
[2.0599999999999996,0]
[2.0699999999999998,0]
[2.0799999999999996,0]
[2.09,0]
[2.0999999999999996,0]
[2.11,0]
[2.1199999999999997,0]
[2.13,0]
[2.1399999999999997,0]
[2.15,0]
[2.1599999999999997,0]
[2.17,0]
[2.1799999999999997,0]
[2.19,0]
[2.1999999999999997,0]
[2.21,0]
[2.2199999999999998,0]
[2.23,0]
[2.2399999999999998,0]
[2.25,0]
[2.2599999999999998,0]
[2.27,0]
[2.2799999999999998,0]
[2.29,0]
[2.2999999999999998,0]
[2.31,0]
[2.3199999999999998,0]
[2.3299999999999996,0]
[2.34,0]
[2.3499999999999996,0]
[2.36,0]
[2.3699999999999997,0]
[2.38,0]
[2.3899999999999997,0]
[2.4,0]
[2.4099999999999997,0]
[2.42,0]
[2.4299999999999997,0]
[2.44,0]
[2.4499999999999997,0]
[2.46,0]
[2.4699999999999998,0]
[2.48,0]
[2.4899999999999998,0]
[2.5,0]
[2.5099999999999998,0]
[2.52,0]
[2.5299999999999998,0]
[2.54,0]
[2.5499999999999998,0]
[2.56,0]
[2.57,0]
[2.5799999999999996,0]
[2.59,0]
[2.5999999999999996,0]
[2.61,0]
[2.6199999999999997,0]
[2.63,0]
[2.6399999999999997,0]
[2.65,0]
[2.6599999999999997,0]
[2.67,0]
[2.6799999999999997,0]
[2.69,0]
[2.6999999999999997,0]
[2.71,0]
[2.7199999999999998,0]
[2.73,0]
[2.7399999999999998,0]
[2.75,0]
[2.76,0]
[2.77,0]
[2.78,0]
[2.79,0]
[2.8,0]
[2.81,0]
[2.82,0]
[2.8299999999999996,0]
[2.84,0]
[2.8499999999999996,0]
[2.86,0]
[2.8699999999999997,0]
[2.88,0]
[2.8899999999999997,0]
[2.9,0]
[2.9099999999999997,0]
[2.92,0]
[2.9299999999999997,0]
[2.94,0]
[2.9499999999999997,0]
[2.96,0]
[2.9699999999999998,0]
[2.98,0]
[2.9899999999999998,0]
[3,0]
[3.01,0]
[3.02,0]
[3.03,0]
[3.04,0]
[3.05,0]
[3.06,0]
[3.07,0]
[3.08,0]
[3.09,0]
[3.0999999999999996,0]
[3.11,0]
[3.1199999999999997,0]
[3.13,0]
[3.1399999999999997,0]
[3.15,0]
[3.1599999999999997,0]
[3.17,0]
[3.1799999999999997,0]
[3.19,0]
[3.1999999999999997,0]
[3.21,0]
[3.2199999999999998,0]
[3.23,0]
[3.2399999999999998,0]
[3.25,0]
[3.26,0]
[3.27,0]
[3.28,0]
[3.29,0]
[3.3,0]
[3.31,0]
[3.32,0]
[3.33,0]
[3.34,0]
[3.3499999999999996,0]
[3.36,0]
[3.3699999999999997,0]
[3.38,0]
[3.3899999999999997,0]
[3.4,0]
[3.4099999999999997,0]
[3.42,0]
[3.4299999999999997,0]
[3.44,0]
[3.4499999999999997,0]
[3.46,0]
[3.4699999999999998,0]
[3.48,0]
[3.4899999999999998,0]
[3.5,0]
[3.51,0]
[3.52,0]
[3.53,0]
[3.54,0]
[3.55,0]
[3.56,0]
[3.57,0]
[3.58,0]
[3.59,0]
[3.5999999999999996,0]
[3.61,0]
[3.6199999999999997,0]
[3.63,0]
[3.6399999999999997,0]
[3.65,0]
[3.6599999999999997,0]
[3.67,0]
[3.6799999999999997,0]
[3.69,0]
[3.6999999999999997,0]
[3.71,0]
[3.7199999999999998,0]
[3.73,0]
[3.7399999999999998,0]
[3.75,0]
[3.76,0]
[3.77,0]
[3.78,0]
[3.79,0]
[3.8,0]
[3.81,0]
[3.82,0]
[3.83,0]
[3.84,0]
[3.8499999999999996,0]
[3.86,0]
[3.8699999999999997,0]
[3.88,0]
[3.8899999999999997,0]
[3.9,0]
[3.9099999999999997,0]
[3.92,0]
[3.9299999999999997,0]
[3.94,0]
[3.9499999999999997,0]
[3.96,0]
[3.9699999999999998,0]
[3.98,0]
[3.9899999999999998,0]
[4,0]
[4.01,0]
[4.0199999999999996,0]
[4.03,0]
[4.04,0]
[4.05,0]
[4.0599999999999996,0]
[4.07,0]
[4.08,0]
[4.09,0]
[4.0999999999999996,0]
[4.1099999999999994,0]
[4.12,0]
[4.13,0]
[4.1399999999999997,0]
[4.1499999999999995,0]
[4.16,0]
[4.17,0]
[4.18,0]
[4.1899999999999995,0]
[4.2,0]
[4.21,0]
[4.22,0]
[4.2299999999999995,0]
[4.24,0]
[4.25,0]
[4.26,0]
[4.2699999999999996,0]
[4.28,0]
[4.29,0]
[4.3,0]
[4.3099999999999996,0]
[4.32,0]
[4.33,0]
[4.34,0]
[4.3499999999999996,0]
[4.3600000000000003,0]
[4.37,0]
[4.38,0]
[4.3899999999999997,0]
[4.3999999999999995,0]
[4.41,0]
[4.42,0]
[4.43,0]
[4.4399999999999995,0]
[4.45,0]
[4.46,0]
[4.47,0]
[4.4799999999999995,0]
[4.49,0]
[4.5,1]
[4.51,1]
[4.5199999999999996,1]
[4.53,1]
[4.54,1]
[4.55,1]
[4.5599999999999996,1]
[4.57,1]
[4.58,1]
[4.59,1]
[4.5999999999999996,1]
[4.6100000000000003,1]
[4.62,1]
[4.63,1]
[4.6399999999999997,1]
[4.6499999999999995,1]
[4.66,1]
[4.67,1]
[4.68,1]
[4.6899999999999995,1]
[4.7,1]
[4.71,1]
[4.72,1]
[4.7299999999999995,1]
[4.74,1]
[4.75,1]
[4.76,1]
[4.7699999999999996,1]
[4.78,1]
[4.79,1]
[4.8,1]
[4.8099999999999996,1]
[4.82,1]
[4.83,1]
[4.84,1]
[4.8499999999999996,1]
[4.8600000000000003,1]
[4.87,1]
[4.88,1]
[4.8899999999999997,1]
[4.8999999999999995,1]
[4.91,1]
[4.92,1]
[4.93,1]
[4.9399999999999995,1]
[4.95,1]
[4.96,1]
[4.97,1]
[4.9799999999999995,1]
[4.99,1]
[5,1]
[5.01,1]
[5.0199999999999996,1]
[5.03,1]
[5.04,1]
[5.05,1]
[5.0599999999999996,1]
[5.07,1]
[5.08,1]
[5.09,1]
[5.0999999999999996,1]
[5.1100000000000003,1]
[5.12,1]
[5.13,1]
[5.14,1]
[5.1499999999999995,1]
[5.16,1]
[5.17,1]
[5.18,1]
[5.1899999999999995,1]
[5.2,1]
[5.21,1]
[5.22,1]
[5.2299999999999995,1]
[5.24,1]
[5.25,1]
[5.26,1]
[5.27,1]
[5.28,1]
[5.29,1]
[5.3,1]
[5.31,1]
[5.32,1]
[5.33,1]
[5.34,1]
[5.35,1]
[5.36,1]
[5.37,1]
[5.38,1]
[5.39,1]
[5.3999999999999995,1]
[5.41,1]
[5.42,1]
[5.43,1]
[5.4399999999999995,1]
[5.45,1]
[5.46,1]
[5.47,1]
[5.4799999999999995,1]
[5.49,1]
[5.5,2]
[5.51,2]
[5.52,2]
[5.53,2]
[5.54,2]
[5.55,2]
[5.56,2]
[5.57,2]
[5.58,2]
[5.59,2]
[5.6,2]
[5.61,2]
[5.62,2]
[5.63,2]
[5.64,2]
[5.6499999999999995,2]
[5.66,2]
[5.67,2]
[5.68,2]
[5.6899999999999995,2]
[5.7,2]
[5.71,2]
[5.72,2]
[5.7299999999999995,2]
[5.74,2]
[5.75,2]
[5.76,2]
[5.77,2]
[5.78,2]
[5.79,2]
[5.8,2]
[5.81,2]
[5.82,2]
[5.83,2]
[5.84,2]
[5.85,2]
[5.86,2]
[5.87,2]
[5.88,2]
[5.89,2]
[5.8999999999999995,2]
[5.91,2]
[5.92,2]
[5.93,2]
[5.9399999999999995,2]
[5.95,2]
[5.96,2]
[5.97,2]
[5.9799999999999995,2]
[5.99,2]
[6,2]
[6.01,2]
[6.02,2]
[6.03,2]
[6.04,2]
[6.05,2]
[6.06,2]
[6.07,2]
[6.08,2]
[6.09,2]
[6.1,2]
[6.11,2]
[6.12,2]
[6.13,2]
[6.14,2]
[6.15,2]
[6.16,2]
[6.17,2]
[6.18,2]
[6.1899999999999995,2]
[6.2,2]
[6.21,2]
[6.22,2]
[6.2299999999999995,2]
[6.24,2]
[6.25,2]
[6.26,2]
[6.27,2]
[6.28,2]
[6.29,2]
[6.3,2]
[6.31,2]
[6.32,2]
[6.33,2]
[6.34,2]
[6.35,2]
[6.36,2]
[6.37,2]
[6.38,2]
[6.39,2]
[6.4,2]
[6.41,2]
[6.42,2]
[6.43,2]
[6.4399999999999995,2]
[6.45,2]
[6.46,2]
[6.47,2]
[6.4799999999999995,2]
[6.49,2]
[6.5,3]
[6.51,3]
[6.52,3]
[6.53,3]
[6.54,3]
[6.55,3]
[6.56,3]
[6.57,3]
[6.58,3]
[6.59,3]
[6.6,3]
[6.61,3]
[6.62,3]
[6.63,3]
[6.64,3]
[6.65,3]
[6.66,3]
[6.67,3]
[6.68,3]
[6.6899999999999995,3]
[6.7,3]
[6.71,3]
[6.72,3]
[6.7299999999999995,3]
[6.74,3]
[6.75,3]
[6.76,3]
[6.77,3]
[6.78,3]
[6.79,3]
[6.8,3]
[6.81,3]
[6.82,3]
[6.83,3]
[6.84,3]
[6.85,3]
[6.86,3]
[6.87,3]
[6.88,3]
[6.89,3]
[6.9,3]
[6.91,3]
[6.92,3]
[6.93,3]
[6.9399999999999995,3]
[6.95,3]
[6.96,3]
[6.97,3]
[6.9799999999999995,3]
[6.99,3]
[7,3]
[7.01,3]
[7.02,3]
[7.03,3]
[7.04,3]
[7.05,3]
[7.06,3]
[7.07,3]
[7.08,3]
[7.09,3]
[7.1,3]
[7.11,3]
[7.12,3]
[7.13,3]
[7.14,3]
[7.15,3]
[7.16,3]
[7.17,3]
[7.18,3]
[7.1899999999999995,3]
[7.2,3]
[7.21,3]
[7.22,3]
[7.2299999999999995,3]
[7.24,3]
[7.25,3]
[7.26,3]
[7.27,3]
[7.28,3]
[7.29,3]
[7.3,3]
[7.31,3]
[7.32,3]
[7.33,3]
[7.34,3]
[7.35,3]
[7.36,3]
[7.37,3]
[7.38,3]
[7.39,3]
[7.4,3]
[7.41,3]
[7.42,3]
[7.43,3]
[7.4399999999999995,3]
[7.45,3]
[7.46,3]
[7.47,3]
[7.4799999999999995,3]
[7.49,3]
[7.5,4]
[7.51,4]
[7.52,4]
[7.53,4]
[7.54,4]
[7.55,4]
[7.56,4]
[7.57,4]
[7.58,4]
[7.59,4]
[7.6,4]
[7.61,4]
[7.62,4]
[7.63,4]
[7.64,4]
[7.65,4]
[7.66,4]
[7.67,4]
[7.68,4]
[7.6899999999999995,4]
[7.7,4]
[7.71,4]
[7.72,4]
[7.7299999999999995,4]
[7.74,4]
[7.75,4]
[7.76,4]
[7.77,4]
[7.78,4]
[7.79,4]
[7.8,4]
[7.81,4]
[7.82,4]
[7.83,4]
[7.84,4]
[7.85,4]
[7.86,4]
[7.87,4]
[7.88,4]
[7.89,4]
[7.9,4]
[7.91,4]
[7.92,4]
[7.93,4]
[7.94,4]
[7.95,4]
[7.96,4]
[7.97,4]
[7.9799999999999995,4]
[7.99,4]
[8,4]
[8.01,4]
[8.02,4]
[8.0299999999999994,4]
[8.0399999999999991,4]
[8.0500000000000007,4]
[8.06,4]
[8.07,4]
[8.08,4]
[8.09,4]
[8.1,4]
[8.11,4]
[8.1199999999999992,4]
[8.1300000000000008,4]
[8.14,4]
[8.15,4]
[8.16,4]
[8.17,4]
[8.18,4]
[8.19,4]
[8.1999999999999993,4]
[8.2099999999999991,4]
[8.2200000000000006,4]
[8.23,4]
[8.24,4]
[8.25,4]
[8.26,4]
[8.27,4]
[8.2799999999999994,4]
[8.2899999999999991,4]
[8.3000000000000007,4]
[8.31,4]
[8.32,4]
[8.33,4]
[8.34,4]
[8.35,4]
[8.36,4]
[8.3699999999999992,4]
[8.3800000000000008,4]
[8.39,4]
[8.4,4]
[8.41,4]
[8.42,4]
[8.43,4]
[8.44,4]
[8.4499999999999993,4]
[8.4599999999999991,4]
[8.4700000000000006,4]
[8.48,4]
[8.49,4]
[8.5,5]
[8.51,5]
[8.52,5]
[8.5299999999999994,5]
[8.5399999999999991,5]
[8.5500000000000007,5]
[8.56,5]
[8.57,5]
[8.58,5]
[8.59,5]
[8.6,5]
[8.61,5]
[8.6199999999999992,5]
[8.6300000000000008,5]
[8.64,5]
[8.65,5]
[8.66,5]
[8.67,5]
[8.68,5]
[8.69,5]
[8.6999999999999993,5]
[8.7100000000000009,5]
[8.7200000000000006,5]
[8.73,5]
[8.74,5]
[8.75,5]
[8.76,5]
[8.77,5]
[8.7799999999999994,5]
[8.7899999999999991,5]
[8.8000000000000007,5]
[8.81,5]
[8.82,5]
[8.83,5]
[8.84,5]
[8.85,5]
[8.86,5]
[8.8699999999999992,5]
[8.8800000000000008,5]
[8.89,5]
[8.9,5]
[8.91,5]
[8.92,5]
[8.93,5]
[8.94,5]
[8.9499999999999993,5]
[8.9600000000000009,5]
[8.9700000000000006,5]
[8.98,5]
[8.99,5]
[9,5]
[9.01,5]
[9.02,5]
[9.0299999999999994,5]
[9.0399999999999991,5]
[9.0500000000000007,5]
[9.06,5]
[9.07,5]
[9.08,5]
[9.09,5]
[9.1,5]
[9.11,5]
[9.1199999999999992,5]
[9.1300000000000008,5]
[9.14,5]
[9.15,5]
[9.16,5]
[9.17,5]
[9.18,5]
[9.19,5]
[9.1999999999999993,5]
[9.2100000000000009,5]
[9.2200000000000006,5]
[9.23,5]
[9.24,5]
[9.25,5]
[9.26,5]
[9.27,5]
[9.2799999999999994,5]
[9.2899999999999991,5]
[9.3000000000000007,5]
[9.31,5]
[9.32,5]
[9.33,5]
[9.34,5]
[9.35,5]
[9.36,5]
[9.3699999999999992,5]
[9.3800000000000008,5]
[9.39,5]
[9.4,5]
[9.41,5]
[9.42,5]
[9.43,5]
[9.44,5]
[9.4499999999999993,5]
[9.4600000000000009,5]
[9.4700000000000006,5]
[9.48,5]
[9.49,5]
[9.5,6]
[9.51,6]
[9.52,6]
[9.5299999999999994,6]
[9.5399999999999991,6]
[9.5500000000000007,6]
[9.56,6]
[9.57,6]
[9.58,6]
[9.59,6]
[9.6,6]
[9.61,6]
[9.6199999999999992,6]
[9.6300000000000008,6]
[9.64,6]
[9.65,6]
[9.66,6]
[9.67,6]
[9.68,6]
[9.69,6]
[9.6999999999999993,6]
[9.7100000000000009,6]
[9.7200000000000006,6]
[9.73,6]
[9.74,6]
[9.75,6]
[9.76,6]
[9.77,6]
[9.7799999999999994,6]
[9.7899999999999991,6]
[9.8000000000000007,6]
[9.81,6]
[9.82,6]
[9.83,6]
[9.84,6]
[9.85,6]
[9.86,6]
[9.8699999999999992,6]
[9.8800000000000008,6]
[9.89,6]
[9.9,6]
[9.91,6]
[9.92,6]
[9.93,6]
[9.94,6]
[9.9499999999999993,6]
[9.9600000000000009,6]
[9.9700000000000006,6]
[9.98,6]
[9.99,6]
[10,6]
[10.01,6]
[10.02,6]
[10.029999999999999,6]
[10.039999999999999,6]
[10.050000000000001,6]
[10.06,6]
[10.07,6]
[10.08,6]
[10.09,6]
[10.1,6]
[10.11,6]
[10.119999999999999,6]
[10.130000000000001,6]
[10.14,6]
[10.15,6]
[10.16,6]
[10.17,6]
[10.18,6]
[10.19,6]
[10.199999999999999,6]
[10.210000000000001,6]
[10.220000000000001,6]
[10.23,6]
[10.24,6]
[10.25,6]
[10.26,6]
[10.27,6]
[10.28,6]
[10.29,6]
[10.3,6]
[10.31,6]
[10.32,6]
[10.33,6]
[10.34,6]
[10.35,6]
[10.36,6]
[10.37,6]
[10.38,6]
[10.39,6]
[10.4,6]
[10.41,6]
[10.42,6]
[10.43,6]
[10.44,6]
[10.45,6]
[10.46,6]
[10.47,6]
[10.48,6]
[10.49,6]
[10.5,7]
[10.51,7]
[10.52,7]
[10.53,7]
[10.54,7]
[10.55,7]
[10.56,7]
[10.57,7]
[10.58,7]
[10.59,7]
[10.6,7]
[10.61,7]
[10.62,7]
[10.63,7]
[10.64,7]
[10.65,7]
[10.66,7]
[10.67,7]
[10.68,7]
[10.69,7]
[10.7,7]
[10.71,7]
[10.72,7]
[10.73,7]
[10.74,7]
[10.75,7]
[10.76,7]
[10.77,7]
[10.78,7]
[10.79,7]
[10.8,7]
[10.81,7]
[10.82,7]
[10.83,7]
[10.84,7]
[10.85,7]
[10.86,7]
[10.87,7]
[10.88,7]
[10.89,7]
[10.9,7]
[10.91,7]
[10.92,7]
[10.93,7]
[10.94,7]
[10.95,7]
[10.96,7]
[10.97,7]
[10.98,7]
[10.99,7]
[11,7]
[11.01,7]
[11.02,7]
[11.03,7]
[11.04,7]
[11.05,7]
[11.06,7]
[11.07,7]
[11.08,7]
[11.09,7]
[11.1,7]
[11.11,7]
[11.12,7]
[11.13,7]
[11.14,7]
[11.15,7]
[11.16,7]
[11.17,7]
[11.18,7]
[11.19,7]
[11.2,7]
[11.21,7]
[11.22,7]
[11.23,7]
[11.24,7]
[11.25,7]
[11.26,7]
[11.27,7]
[11.28,7]
[11.29,7]
[11.3,7]
[11.31,7]
[11.32,7]
[11.33,7]
[11.34,7]
[11.35,7]
[11.36,7]
[11.37,7]
[11.38,7]
[11.39,7]
[11.4,7]
[11.41,7]
[11.42,7]
[11.43,7]
[11.44,7]
[11.45,7]
[11.46,7]
[11.47,7]
[11.48,7]
[11.49,7]
[11.5,8.5]
[11.51,8.5]
[11.52,8.5]
[11.53,8.5]
[11.54,8.5]
[11.55,8.5]
[11.56,8.5]
[11.57,8.5]
[11.58,8.5]
[11.59,8.5]
[11.6,8.5]
[11.61,8.5]
[11.62,8.5]
[11.63,8.5]
[11.64,8.5]
[11.65,8.5]
[11.66,8.5]
[11.67,8.5]
[11.68,8.5]
[11.69,8.5]
[11.7,8.5]
[11.71,8.5]
[11.72,8.5]
[11.73,8.5]
[11.74,8.5]
[11.75,8.5]
[11.76,8.5]
[11.77,8.5]
[11.78,8.5]
[11.79,8.5]
[11.8,8.5]
[11.81,8.5]
[11.82,8.5]
[11.83,8.5]
[11.84,8.5]
[11.85,8.5]
[11.86,8.5]
[11.87,8.5]
[11.88,8.5]
[11.89,8.5]
[11.9,8.5]
[11.91,8.5]
[11.92,8.5]
[11.93,8.5]
[11.94,8.5]
[11.95,8.5]
[11.96,8.5]
[11.97,8.5]
[11.98,8.5]
[11.99,8.5]
[12,8.5]
[12.01,8.5]
[12.02,8.5]
[12.03,8.5]
[12.040000000000001,8.5]
[12.05,8.5]
[12.06,8.5]
[12.07,8.5]
[12.08,8.5]
[12.09,8.5]
[12.1,8.5]
[12.11,8.5]
[12.12,8.5]
[12.13,8.5]
[12.14,8.5]
[12.15,8.5]
[12.16,8.5]
[12.17,8.5]
[12.18,8.5]
[12.19,8.5]
[12.2,8.5]
[12.21,8.5]
[12.22,8.5]
[12.23,8.5]
[12.24,8.5]
[12.25,8.5]
[12.26,8.5]
[12.27,8.5]
[12.28,8.5]
[12.290000000000001,8.5]
[12.3,8.5]
[12.31,8.5]
[12.32,8.5]
[12.33,8.5]
[12.34,8.5]
[12.35,8.5]
[12.36,8.5]
[12.37,8.5]
[12.38,8.5]
[12.39,8.5]
[12.4,8.5]
[12.41,8.5]
[12.42,8.5]
[12.43,8.5]
[12.44,8.5]
[12.45,8.5]
[12.46,8.5]
[12.47,8.5]
[12.48,8.5]
[12.49,8.5]
[12.5,10]
[12.51,10]
[12.52,10]
[12.53,10]
[12.540000000000001,10]
[12.55,10]
[12.56,10]
[12.57,10]
[12.58,10]
[12.59,10]
[12.6,10]
[12.61,10]
[12.62,10]
[12.63,10]
[12.64,10]
[12.65,10]
[12.66,10]
[12.67,10]
[12.68,10]
[12.69,10]
[12.7,10]
[12.71,10]
[12.72,10]
[12.73,10]
[12.74,10]
[12.75,10]
[12.76,10]
[12.77,10]
[12.78,10]
[12.790000000000001,10]
[12.8,10]
[12.81,10]
[12.82,10]
[12.83,10]
[12.84,10]
[12.85,10]
[12.86,10]
[12.87,10]
[12.88,10]
[12.89,10]
[12.9,10]
[12.91,10]
[12.92,10]
[12.93,10]
[12.94,10]
[12.95,10]
[12.96,10]
[12.97,10]
[12.98,10]
[12.99,10]
[13,10]
[13.01,10]
[13.02,10]
[13.03,10]
[13.040000000000001,10]
[13.05,10]
[13.06,10]
[13.07,10]
[13.08,10]
[13.09,10]
[13.1,10]
[13.11,10]
[13.12,10]
[13.13,10]
[13.14,10]
[13.15,10]
[13.16,10]
[13.17,10]
[13.18,10]
[13.19,10]
[13.2,10]
[13.21,10]
[13.22,10]
[13.23,10]
[13.24,10]
[13.25,10]
[13.26,10]
[13.27,10]
[13.28,10]
[13.290000000000001,10]
[13.3,10]
[13.31,10]
[13.32,10]
[13.33,10]
[13.34,10]
[13.35,10]
[13.36,10]
[13.37,10]
[13.38,10]
[13.39,10]
[13.4,10]
[13.41,10]
[13.42,10]
[13.43,10]
[13.44,10]
[13.45,10]
[13.46,10]
[13.47,10]
[13.48,10]
[13.49,10]
[13.5,11.5]
[13.51,11.5]
[13.52,11.5]
[13.53,11.5]
[13.540000000000001,11.5]
[13.55,11.5]
[13.56,11.5]
[13.57,11.5]
[13.58,11.5]
[13.59,11.5]
[13.6,11.5]
[13.61,11.5]
[13.62,11.5]
[13.63,11.5]
[13.64,11.5]
[13.65,11.5]
[13.66,11.5]
[13.67,11.5]
[13.68,11.5]
[13.69,11.5]
[13.7,11.5]
[13.71,11.5]
[13.72,11.5]
[13.73,11.5]
[13.74,11.5]
[13.75,11.5]
[13.76,11.5]
[13.77,11.5]
[13.78,11.5]
[13.790000000000001,11.5]
[13.8,11.5]
[13.81,11.5]
[13.82,11.5]
[13.83,11.5]
[13.84,11.5]
[13.85,11.5]
[13.86,11.5]
[13.87,11.5]
[13.88,11.5]
[13.89,11.5]
[13.9,11.5]
[13.91,11.5]
[13.92,11.5]
[13.93,11.5]
[13.94,11.5]
[13.95,11.5]
[13.96,11.5]
[13.97,11.5]
[13.98,11.5]
[13.99,11.5]
[14,11.5]
[14.01,11.5]
[14.02,11.5]
[14.03,11.5]
[14.040000000000001,11.5]
[14.05,11.5]
[14.06,11.5]
[14.07,11.5]
[14.08,11.5]
[14.09,11.5]
[14.1,11.5]
[14.11,11.5]
[14.12,11.5]
[14.13,11.5]
[14.14,11.5]
[14.15,11.5]
[14.16,11.5]
[14.17,11.5]
[14.18,11.5]
[14.19,11.5]
[14.2,11.5]
[14.21,11.5]
[14.22,11.5]
[14.23,11.5]
[14.24,11.5]
[14.25,11.5]
[14.26,11.5]
[14.27,11.5]
[14.28,11.5]
[14.290000000000001,11.5]
[14.3,11.5]
[14.31,11.5]
[14.32,11.5]
[14.33,11.5]
[14.34,11.5]
[14.35,11.5]
[14.36,11.5]
[14.37,11.5]
[14.38,11.5]
[14.39,11.5]
[14.4,11.5]
[14.41,11.5]
[14.42,11.5]
[14.43,11.5]
[14.44,11.5]
[14.45,11.5]
[14.46,11.5]
[14.47,11.5]
[14.48,11.5]
[14.49,11.5]
[14.5,13]
[14.51,13]
[14.52,13]
[14.53,13]
[14.540000000000001,13]
[14.55,13]
[14.56,13]
[14.57,13]
[14.58,13]
[14.59,13]
[14.6,13]
[14.61,13]
[14.62,13]
[14.63,13]
[14.64,13]
[14.65,13]
[14.66,13]
[14.67,13]
[14.68,13]
[14.69,13]
[14.7,13]
[14.71,13]
[14.72,13]
[14.73,13]
[14.74,13]
[14.75,13]
[14.76,13]
[14.77,13]
[14.78,13]
[14.790000000000001,13]
[14.8,13]
[14.81,13]
[14.82,13]
[14.83,13]
[14.84,13]
[14.85,13]
[14.86,13]
[14.87,13]
[14.88,13]
[14.89,13]
[14.9,13]
[14.91,13]
[14.92,13]
[14.93,13]
[14.94,13]
[14.95,13]
[14.96,13]
[14.97,13]
[14.98,13]
[14.99,13]
[15,13]
[15.01,13]
[15.02,13]
[15.03,13]
[15.04,13]
[15.049999999999999,13]
[15.06,13]
[15.07,13]
[15.08,13]
[15.09,13]
[15.1,13]
[15.11,13]
[15.12,13]
[15.129999999999999,13]
[15.14,13]
[15.15,13]
[15.16,13]
[15.17,13]
[15.18,13]
[15.19,13]
[15.2,13]
[15.209999999999999,13]
[15.22,13]
[15.23,13]
[15.24,13]
[15.25,13]
[15.26,13]
[15.27,13]
[15.28,13]
[15.29,13]
[15.299999999999999,13]
[15.31,13]
[15.32,13]
[15.33,13]
[15.34,13]
[15.35,13]
[15.36,13]
[15.37,13]
[15.379999999999999,13]
[15.39,13]
[15.4,13]
[15.41,13]
[15.42,13]
[15.43,13]
[15.44,13]
[15.45,13]
[15.459999999999999,13]
[15.47,13]
[15.48,13]
[15.49,13]
[15.5,15]
[15.51,15]
[15.52,15]
[15.53,15]
[15.54,15]
[15.55,15]
[15.56,15]
[15.57,15]
[15.58,15]
[15.59,15]
[15.6,15]
[15.61,15]
[15.62,15]
[15.629999999999999,15]
[15.64,15]
[15.65,15]
[15.66,15]
[15.67,15]
[15.68,15]
[15.69,15]
[15.7,15]
[15.709999999999999,15]
[15.719999999999999,15]
[15.73,15]
[15.74,15]
[15.75,15]
[15.76,15]
[15.77,15]
[15.78,15]
[15.79,15]
[15.8,15]
[15.81,15]
[15.82,15]
[15.83,15]
[15.84,15]
[15.85,15]
[15.86,15]
[15.87,15]
[15.879999999999999,15]
[15.889999999999999,15]
[15.9,15]
[15.91,15]
[15.92,15]
[15.93,15]
[15.94,15]
[15.95,15]
[15.959999999999999,15]
[15.969999999999999,15]
[15.98,15]
[15.99,15]
[16,15]
[16.009999999999998,15]
[16.02,15]
[16.03,15]
[16.04,15]
[16.05,15]
[16.059999999999999,15]
[16.07,15]
[16.079999999999998,15]
[16.09,15]
[16.100000000000001,15]
[16.11,15]
[16.12,15]
[16.13,15]
[16.14,15]
[16.149999999999999,15]
[16.16,15]
[16.169999999999998,15]
[16.18,15]
[16.190000000000001,15]
[16.2,15]
[16.21,15]
[16.22,15]
[16.23,15]
[16.239999999999998,15]
[16.25,15]
[16.259999999999998,15]
[16.27,15]
[16.28,15]
[16.29,15]
[16.3,15]
[16.309999999999999,15]
[16.32,15]
[16.329999999999998,15]
[16.34,15]
[16.350000000000001,15]
[16.36,15]
[16.37,15]
[16.38,15]
[16.39,15]
[16.399999999999999,15]
[16.41,15]
[16.419999999999998,15]
[16.43,15]
[16.440000000000001,15]
[16.45,15]
[16.46,15]
[16.47,15]
[16.48,15]
[16.489999999999998,15]
[16.5,17]
[16.509999999999998,17]
[16.52,17]
[16.53,17]
[16.54,17]
[16.55,17]
[16.559999999999999,17]
[16.57,17]
[16.579999999999998,17]
[16.59,17]
[16.600000000000001,17]
[16.61,17]
[16.62,17]
[16.63,17]
[16.64,17]
[16.649999999999999,17]
[16.66,17]
[16.669999999999998,17]
[16.68,17]
[16.690000000000001,17]
[16.7,17]
[16.71,17]
[16.72,17]
[16.73,17]
[16.739999999999998,17]
[16.75,17]
[16.759999999999998,17]
[16.77,17]
[16.78,17]
[16.79,17]
[16.8,17]
[16.809999999999999,17]
[16.82,17]
[16.829999999999998,17]
[16.84,17]
[16.850000000000001,17]
[16.86,17]
[16.87,17]
[16.88,17]
[16.89,17]
[16.899999999999999,17]
[16.91,17]
[16.919999999999998,17]
[16.93,17]
[16.940000000000001,17]
[16.95,17]
[16.96,17]
[16.97,17]
[16.98,17]
[16.989999999999998,17]
[17,17]
[17.009999999999998,17]
[17.02,17]
[17.03,17]
[17.04,17]
[17.05,17]
[17.059999999999999,17]
[17.07,17]
[17.079999999999998,17]
[17.09,17]
[17.100000000000001,17]
[17.11,17]
[17.12,17]
[17.13,17]
[17.14,17]
[17.149999999999999,17]
[17.16,17]
[17.169999999999998,17]
[17.18,17]
[17.190000000000001,17]
[17.2,17]
[17.21,17]
[17.22,17]
[17.23,17]
[17.239999999999998,17]
[17.25,17]
[17.259999999999998,17]
[17.27,17]
[17.28,17]
[17.29,17]
[17.3,17]
[17.309999999999999,17]
[17.32,17]
[17.329999999999998,17]
[17.34,17]
[17.350000000000001,17]
[17.36,17]
[17.37,17]
[17.38,17]
[17.39,17]
[17.399999999999999,17]
[17.41,17]
[17.419999999999998,17]
[17.43,17]
[17.440000000000001,17]
[17.45,17]
[17.46,17]
[17.47,17]
[17.48,17]
[17.489999999999998,17]
[17.5,19]
[17.509999999999998,19]
[17.52,19]
[17.53,19]
[17.54,19]
[17.55,19]
[17.559999999999999,19]
[17.57,19]
[17.579999999999998,19]
[17.59,19]
[17.600000000000001,19]
[17.61,19]
[17.62,19]
[17.63,19]
[17.64,19]
[17.649999999999999,19]
[17.66,19]
[17.669999999999998,19]
[17.68,19]
[17.690000000000001,19]
[17.7,19]
[17.71,19]
[17.72,19]
[17.73,19]
[17.739999999999998,19]
[17.75,19]
[17.759999999999998,19]
[17.77,19]
[17.78,19]
[17.79,19]
[17.8,19]
[17.809999999999999,19]
[17.82,19]
[17.829999999999998,19]
[17.84,19]
[17.850000000000001,19]
[17.86,19]
[17.87,19]
[17.88,19]
[17.89,19]
[17.899999999999999,19]
[17.91,19]
[17.919999999999998,19]
[17.93,19]
[17.939999999999998,19]
[17.95,19]
[17.96,19]
[17.97,19]
[17.98,19]
[17.989999999999998,19]
[18,19]
[18.009999999999998,19]
[18.02,19]
[18.03,19]
[18.04,19]
[18.05,19]
[18.059999999999999,19]
[18.07,19]
[18.079999999999998,19]
[18.09,19]
[18.100000000000001,19]
[18.11,19]
[18.12,19]
[18.13,19]
[18.14,19]
[18.149999999999999,19]
[18.16,19]
[18.169999999999998,19]
[18.18,19]
[18.189999999999998,19]
[18.2,19]
[18.21,19]
[18.22,19]
[18.23,19]
[18.239999999999998,19]
[18.25,19]
[18.259999999999998,19]
[18.27,19]
[18.28,19]
[18.29,19]
[18.3,19]
[18.309999999999999,19]
[18.32,19]
[18.329999999999998,19]
[18.34,19]
[18.350000000000001,19]
[18.36,19]
[18.37,19]
[18.38,19]
[18.39,19]
[18.399999999999999,19]
[18.41,19]
[18.419999999999998,19]
[18.43,19]
[18.439999999999998,19]
[18.45,19]
[18.46,19]
[18.47,19]
[18.48,19]
[18.489999999999998,19]
[18.5,21]
[18.509999999999998,21]
[18.52,21]
[18.53,21]
[18.54,21]
[18.55,21]
[18.559999999999999,21]
[18.57,21]
[18.579999999999998,21]
[18.59,21]
[18.600000000000001,21]
[18.61,21]
[18.62,21]
[18.63,21]
[18.64,21]
[18.649999999999999,21]
[18.66,21]
[18.669999999999998,21]
[18.68,21]
[18.689999999999998,21]
[18.7,21]
[18.71,21]
[18.72,21]
[18.73,21]
[18.739999999999998,21]
[18.75,21]
[18.759999999999998,21]
[18.77,21]
[18.78,21]
[18.79,21]
[18.8,21]
[18.809999999999999,21]
[18.82,21]
[18.829999999999998,21]
[18.84,21]
[18.850000000000001,21]
[18.86,21]
[18.87,21]
[18.88,21]
[18.89,21]
[18.899999999999999,21]
[18.91,21]
[18.920000000000002,21]
[18.93,21]
[18.939999999999998,21]
[18.95,21]
[18.96,21]
[18.97,21]
[18.98,21]
[18.989999999999998,21]
[19,21]
[19.009999999999998,21]
[19.02,21]
[19.03,21]
[19.04,21]
[19.05,21]
[19.059999999999999,21]
[19.07,21]
[19.079999999999998,21]
[19.09,21]
[19.100000000000001,21]
[19.11,21]
[19.12,21]
[19.13,21]
[19.14,21]
[19.149999999999999,21]
[19.16,21]
[19.170000000000002,21]
[19.18,21]
[19.189999999999998,21]
[19.2,21]
[19.21,21]
[19.22,21]
[19.23,21]
[19.239999999999998,21]
[19.25,21]
[19.259999999999998,21]
[19.27,21]
[19.28,21]
[19.29,21]
[19.3,21]
[19.309999999999999,21]
[19.32,21]
[19.329999999999998,21]
[19.34,21]
[19.350000000000001,21]
[19.36,21]
[19.37,21]
[19.38,21]
[19.39,21]
[19.399999999999999,21]
[19.41,21]
[19.420000000000002,21]
[19.43,21]
[19.439999999999998,21]
[19.45,21]
[19.46,21]
[19.47,21]
[19.48,21]
[19.489999999999998,21]
[19.5,23]
[19.509999999999998,23]
[19.52,23]
[19.53,23]
[19.54,23]
[19.55,23]
[19.559999999999999,23]
[19.57,23]
[19.579999999999998,23]
[19.59,23]
[19.600000000000001,23]
[19.61,23]
[19.62,23]
[19.63,23]
[19.64,23]
[19.649999999999999,23]
[19.66,23]
[19.670000000000002,23]
[19.68,23]
[19.689999999999998,23]
[19.7,23]
[19.71,23]
[19.72,23]
[19.73,23]
[19.739999999999998,23]
[19.75,23]
[19.759999999999998,23]
[19.77,23]
[19.78,23]
[19.79,23]
[19.8,23]
[19.809999999999999,23]
[19.82,23]
[19.829999999999998,23]
[19.84,23]
[19.850000000000001,23]
[19.86,23]
[19.87,23]
[19.88,23]
[19.89,23]
[19.899999999999999,23]
[19.91,23]
[19.920000000000002,23]
[19.93,23]
[19.939999999999998,23]
[19.95,23]
[19.96,23]
[19.97,23]
[19.98,23]
[19.989999999999998,23]
[20,23]
[20.009999999999998,23]
[20.02,23]
[20.03,23]
[20.04,23]
[20.05,23]
[20.059999999999999,23]
[20.07,23]
[20.079999999999998,23]
[20.09,23]
[20.100000000000001,23]
[20.11,23]
[20.12,23]
[20.13,23]
[20.14,23]
[20.149999999999999,23]
[20.16,23]
[20.170000000000002,23]
[20.18,23]
[20.189999999999998,23]
[20.2,23]
[20.21,23]
[20.22,23]
[20.23,23]
[20.239999999999998,23]
[20.25,23]
[20.259999999999998,23]
[20.27,23]
[20.28,23]
[20.29,23]
[20.3,23]
[20.309999999999999,23]
[20.32,23]
[20.329999999999998,23]
[20.34,23]
[20.350000000000001,23]
[20.36,23]
[20.37,23]
[20.38,23]
[20.39,23]
[20.399999999999999,23]
[20.41,23]
[20.420000000000002,23]
[20.43,23]
[20.439999999999998,23]
[20.45,23]
[20.46,23]
[20.47,23]
[20.48,23]
[20.49,23]
[20.5,25]

{"sheet":"Sheet5","index":5,"n_rows":1749,"n_cols":4,"rows_kept":1749,"cut":false,"hidden":true,"merged":[]}
[0.01,0,null,"Sound Splits"]
[0.02,0]
[0.03,0]
[0.04,0]
[0.05,0]
[6.0000000000000005E-2,0]
[6.9999999999999993E-2,0]
[0.08,0]
[0.09,0]
[9.9999999999999992E-2,0]
[0.11,0]
[0.12,0]
[0.13,0]
[0.14000000000000001,0]
[0.15000000000000002,0]
[0.16,0]
[0.17,0]
[0.18000000000000002,0]
[0.19,0]
[0.2,0]
[0.21000000000000002,0]
[0.22,0]
[0.23,0]
[0.24000000000000002,0]
[0.25,0]
[0.26,0]
[0.27,0]
[0.28000000000000003,0]
[0.29000000000000004,0]
[0.3,0]
[0.31,0]
[0.32,0]
[0.33,0]
[0.34,0]
[0.35000000000000003,0]
[0.36000000000000004,0]
[0.37,0]
[0.38,0]
[0.39,0]
[0.4,0]
[0.41000000000000003,0]
[0.42000000000000004,0]
[0.43,0]
[0.44,0]
[0.45,0]
[0.46,0]
[0.47000000000000003,0]
[0.48000000000000004,0]
[0.49,0]
[0.5,0]
[0.51,0]
[0.52,0]
[0.53,0]
[0.54,0]
[0.55000000000000004,0]
[0.56000000000000005,0]
[0.57000000000000006,0]
[0.58000000000000007,0]
[0.59,0]
[0.6,0]
[0.61,0]
[0.62,0]
[0.63,0]
[0.64,0]
[0.65,0]
[0.66,0]
[0.67,0]
[0.68,0]
[0.69000000000000006,0]
[0.70000000000000007,0]
[0.71000000000000008,0]
[0.72,0]
[0.73,0]
[0.74,0]
[0.75,0]
[0.76,0]
[0.77,0]
[0.78,0]
[0.79,0]
[0.8,0]
[0.81,0]
[0.82000000000000006,0]
[0.83000000000000007,0]
[0.84000000000000008,0]
[0.85,0]
[0.86,0]
[0.87,0]
[0.88,0]
[0.89,0]
[0.9,0]
[0.91,0]
[0.92,0]
[0.93,0]
[0.94000000000000006,0]
[0.95000000000000007,0]
[0.96000000000000008,0]
[0.97,0]
[0.98,0]
[0.99,0]
[1,0]
[1.01,0]
[1.02,0]
[1.03,0]
[1.04,0]
[1.05,0]
[1.06,0]
[1.07,0]
[1.08,0]
[1.0900000000000001,0]
[1.1000000000000001,0]
[1.1100000000000001,0]
[1.1200000000000001,0]
[1.1300000000000001,0]
[1.1400000000000001,0]
[1.1500000000000001,0]
[1.1600000000000001,0]
[1.17,0]
[1.18,0]
[1.19,0]
[1.2,0]
[1.21,0]
[1.22,0]
[1.23,0]
[1.24,0]
[1.25,0]
[1.26,0]
[1.27,0]
[1.28,0]
[1.29,0]
[1.3,0]
[1.31,0]
[1.32,0]
[1.33,0]
[1.34,0]
[1.35,0]
[1.36,0]
[1.37,0]
[1.3800000000000001,0]
[1.3900000000000001,0]
[1.4000000000000001,0]
[1.4100000000000001,0]
[1.42,0]
[1.43,0]
[1.44,0]
[1.45,0]
[1.46,0]
[1.47,0]
[1.48,0]
[1.49,0]
[1.5,0]
[1.51,0]
[1.52,0]
[1.53,0]
[1.54,0]
[1.55,0]
[1.56,0]
[1.57,0]
[1.58,0]
[1.59,0]
[1.6,0]
[1.61,0]
[1.62,0]
[1.6300000000000001,0]
[1.6400000000000001,0]
[1.6500000000000001,0]
[1.6600000000000001,0]
[1.6700000000000002,0]
[1.68,0]
[1.69,0]
[1.7,0]
[1.71,0]
[1.72,0]
[1.73,0]
[1.74,0]
[1.75,0]
[1.76,0]
[1.77,0]
[1.78,0]
[1.79,0]
[1.8,0]
[1.81,0]
[1.82,0]
[1.83,0]
[1.84,0]
[1.85,0]
[1.86,0]
[1.87,0]
[1.8800000000000001,0]
[1.8900000000000001,0]
[1.9000000000000001,0]
[1.9100000000000001,0]
[1.9200000000000002,0]
[1.93,0]
[1.94,0]
[1.95,0]
[1.96,0]
[1.97,0]
[1.98,0]
[1.99,0]
[2,0]
[2.0099999999999998,0]
[2.02,0]
[2.0299999999999998,0]
[2.04,0]
[2.0499999999999998,0]
[2.0599999999999996,0]
[2.0699999999999998,0]
[2.0799999999999996,0]
[2.09,0]
[2.0999999999999996,0]
[2.11,0]
[2.1199999999999997,0]
[2.13,0]
[2.1399999999999997,0]
[2.15,0]
[2.1599999999999997,0]
[2.17,0]
[2.1799999999999997,0]
[2.19,0]
[2.1999999999999997,0]
[2.21,0]
[2.2199999999999998,0]
[2.23,0]
[2.2399999999999998,0]
[2.25,0]
[2.2599999999999998,0]
[2.27,0]
[2.2799999999999998,0]
[2.29,0]
[2.2999999999999998,0]
[2.31,0]
[2.3199999999999998,0]
[2.3299999999999996,0]
[2.34,0]
[2.3499999999999996,0]
[2.36,0]
[2.3699999999999997,0]
[2.38,0]
[2.3899999999999997,0]
[2.4,0]
[2.4099999999999997,0]
[2.42,0]
[2.4299999999999997,0]
[2.44,0]
[2.4499999999999997,0]
[2.46,0]
[2.4699999999999998,0]
[2.48,0]
[2.4899999999999998,0]
[2.5,0]
[2.5099999999999998,0]
[2.52,0]
[2.5299999999999998,0]
[2.54,0]
[2.5499999999999998,0]
[2.56,0]
[2.57,0]
[2.5799999999999996,0]
[2.59,0]
[2.5999999999999996,0]
[2.61,0]
[2.6199999999999997,0]
[2.63,0]
[2.6399999999999997,0]
[2.65,0]
[2.6599999999999997,0]
[2.67,0]
[2.6799999999999997,0]
[2.69,0]
[2.6999999999999997,0]
[2.71,0]
[2.7199999999999998,0]
[2.73,0]
[2.7399999999999998,0]
[2.75,0]
[2.76,0]
[2.77,0]
[2.78,0]
[2.79,0]
[2.8,0]
[2.81,0]
[2.82,0]
[2.8299999999999996,0]
[2.84,0]
[2.8499999999999996,0]
[2.86,0]
[2.8699999999999997,0]
[2.88,0]
[2.8899999999999997,0]
[2.9,0]
[2.9099999999999997,0]
[2.92,0]
[2.9299999999999997,0]
[2.94,0]
[2.9499999999999997,0]
[2.96,0]
[2.9699999999999998,0]
[2.98,0]
[2.9899999999999998,0]
[3,0]
[3.01,0]
[3.02,0]
[3.03,0]
[3.04,0]
[3.05,0]
[3.06,0]
[3.07,0]
[3.08,0]
[3.09,0]
[3.0999999999999996,0]
[3.11,0]
[3.1199999999999997,0]
[3.13,0]
[3.1399999999999997,0]
[3.15,0]
[3.1599999999999997,0]
[3.17,0]
[3.1799999999999997,0]
[3.19,0]
[3.1999999999999997,0]
[3.21,0]
[3.2199999999999998,0]
[3.23,0]
[3.2399999999999998,0]
[3.25,0]
[3.26,0]
[3.27,0]
[3.28,0]
[3.29,0]
[3.3,0]
[3.31,0]
[3.32,0]
[3.33,0]
[3.34,0]
[3.3499999999999996,0]
[3.36,0]
[3.3699999999999997,0]
[3.38,0]
[3.3899999999999997,0]
[3.4,0]
[3.4099999999999997,0]
[3.42,0]
[3.4299999999999997,0]
[3.44,0]
[3.4499999999999997,0]
[3.46,0]
[3.4699999999999998,0]
[3.48,0]
[3.4899999999999998,0]
[3.5,0]
[3.51,0]
[3.52,0]
[3.53,0]
[3.54,0]
[3.55,0]
[3.56,0]
[3.57,0]
[3.58,0]
[3.59,0]
[3.5999999999999996,0]
[3.61,0]
[3.6199999999999997,0]
[3.63,0]
[3.6399999999999997,0]
[3.65,0]
[3.6599999999999997,0]
[3.67,0]
[3.6799999999999997,0]
[3.69,0]
[3.6999999999999997,0]
[3.71,0]
[3.7199999999999998,0]
[3.73,0]
[3.7399999999999998,0]
[3.75,0]
[3.76,0]
[3.77,0]
[3.78,0]
[3.79,0]
[3.8,0]
[3.81,0]
[3.82,0]
[3.83,0]
[3.84,0]
[3.8499999999999996,0]
[3.86,0]
[3.8699999999999997,0]
[3.88,0]
[3.8899999999999997,0]
[3.9,0]
[3.9099999999999997,0]
[3.92,0]
[3.9299999999999997,0]
[3.94,0]
[3.9499999999999997,0]
[3.96,0]
[3.9699999999999998,0]
[3.98,0]
[3.9899999999999998,0]
[4,0]
[4.01,0]
[4.0199999999999996,0]
[4.03,0]
[4.04,0]
[4.05,0]
[4.0599999999999996,0]
[4.07,0]
[4.08,0]
[4.09,0]
[4.0999999999999996,0]
[4.1099999999999994,0]
[4.12,0]
[4.13,0]
[4.1399999999999997,0]
[4.1499999999999995,0]
[4.16,0]
[4.17,0]
[4.18,0]
[4.1899999999999995,0]
[4.2,0]
[4.21,0]
[4.22,0]
[4.2299999999999995,0]
[4.24,0]
[4.25,0]
[4.26,0]
[4.2699999999999996,0]
[4.28,0]
[4.29,0]
[4.3,0]
[4.3099999999999996,0]
[4.32,0]
[4.33,0]
[4.34,0]
[4.3499999999999996,0]
[4.3600000000000003,0]
[4.37,0]
[4.38,0]
[4.3899999999999997,0]
[4.3999999999999995,0]
[4.41,0]
[4.42,0]
[4.43,0]
[4.4399999999999995,0]
[4.45,0]
[4.46,0]
[4.47,0]
[4.4799999999999995,0]
[4.49,0]
[4.5,0.8]
[4.51,0.8]
[4.5199999999999996,0.8]
[4.53,0.8]
[4.54,0.8]
[4.55,0.8]
[4.5599999999999996,0.8]
[4.57,0.8]
[4.58,0.8]
[4.59,0.8]
[4.5999999999999996,0.8]
[4.6100000000000003,0.8]
[4.62,0.8]
[4.63,0.8]
[4.6399999999999997,0.8]
[4.6499999999999995,0.8]
[4.66,0.8]
[4.67,0.8]
[4.68,0.8]
[4.6899999999999995,0.8]
[4.7,0.8]
[4.71,0.8]
[4.72,0.8]
[4.7299999999999995,0.8]
[4.74,0.8]
[4.75,0.8]
[4.76,0.8]
[4.7699999999999996,0.8]
[4.78,0.8]
[4.79,0.8]
[4.8,0.8]
[4.8099999999999996,0.8]
[4.82,0.8]
[4.83,0.8]
[4.84,0.8]
[4.8499999999999996,0.8]
[4.8600000000000003,0.8]
[4.87,0.8]
[4.88,0.8]
[4.8899999999999997,0.8]
[4.8999999999999995,0.8]
[4.91,0.8]
[4.92,0.8]
[4.93,0.8]
[4.9399999999999995,0.8]
[4.95,0.8]
[4.96,0.8]
[4.97,0.8]
[4.9799999999999995,0.8]
[4.99,0.8]
[5,0.8]
[5.01,0.8]
[5.0199999999999996,0.8]
[5.03,0.8]
[5.04,0.8]
[5.05,0.8]
[5.0599999999999996,0.8]
[5.07,0.8]
[5.08,0.8]
[5.09,0.8]
[5.0999999999999996,0.8]
[5.1100000000000003,0.8]
[5.12,0.8]
[5.13,0.8]
[5.14,0.8]
[5.1499999999999995,0.8]
[5.16,0.8]
[5.17,0.8]
[5.18,0.8]
[5.1899999999999995,0.8]
[5.2,0.8]
[5.21,0.8]
[5.22,0.8]
[5.2299999999999995,0.8]
[5.24,0.8]
[5.25,0.8]
[5.26,0.8]
[5.27,0.8]
[5.28,0.8]
[5.29,0.8]
[5.3,0.8]
[5.31,0.8]
[5.32,0.8]
[5.33,0.8]
[5.34,0.8]
[5.35,0.8]
[5.36,0.8]
[5.37,0.8]
[5.38,0.8]
[5.39,0.8]
[5.3999999999999995,0.8]
[5.41,0.8]
[5.42,0.8]
[5.43,0.8]
[5.4399999999999995,0.8]
[5.45,0.8]
[5.46,0.8]
[5.47,0.8]
[5.4799999999999995,0.8]
[5.49,0.8]
[5.5,1.6]
[5.51,1.6]
[5.52,1.6]
[5.53,1.6]
[5.54,1.6]
[5.55,1.6]
[5.56,1.6]
[5.57,1.6]
[5.58,1.6]
[5.59,1.6]
[5.6,1.6]
[5.61,1.6]
[5.62,1.6]
[5.63,1.6]
[5.64,1.6]
[5.6499999999999995,1.6]
[5.66,1.6]
[5.67,1.6]
[5.68,1.6]
[5.6899999999999995,1.6]
[5.7,1.6]
[5.71,1.6]
[5.72,1.6]
[5.7299999999999995,1.6]
[5.74,1.6]
[5.75,1.6]
[5.76,1.6]
[5.77,1.6]
[5.78,1.6]
[5.79,1.6]
[5.8,1.6]
[5.81,1.6]
[5.82,1.6]
[5.83,1.6]
[5.84,1.6]
[5.85,1.6]
[5.86,1.6]
[5.87,1.6]
[5.88,1.6]
[5.89,1.6]
[5.8999999999999995,1.6]
[5.91,1.6]
[5.92,1.6]
[5.93,1.6]
[5.9399999999999995,1.6]
[5.95,1.6]
[5.96,1.6]
[5.97,1.6]
[5.9799999999999995,1.6]
[5.99,1.6]
[6,1.6]
[6.01,1.6]
[6.02,1.6]
[6.03,1.6]
[6.04,1.6]
[6.05,1.6]
[6.06,1.6]
[6.07,1.6]
[6.08,1.6]
[6.09,1.6]
[6.1,1.6]
[6.11,1.6]
[6.12,1.6]
[6.13,1.6]
[6.14,1.6]
[6.15,1.6]
[6.16,1.6]
[6.17,1.6]
[6.18,1.6]
[6.1899999999999995,1.6]
[6.2,1.6]
[6.21,1.6]
[6.22,1.6]
[6.2299999999999995,1.6]
[6.24,1.6]
[6.25,1.6]
[6.26,1.6]
[6.27,1.6]
[6.28,1.6]
[6.29,1.6]
[6.3,1.6]
[6.31,1.6]
[6.32,1.6]
[6.33,1.6]
[6.34,1.6]
[6.35,1.6]
[6.36,1.6]
[6.37,1.6]
[6.38,1.6]
[6.39,1.6]
[6.4,1.6]
[6.41,1.6]
[6.42,1.6]
[6.43,1.6]
[6.4399999999999995,1.6]
[6.45,1.6]
[6.46,1.6]
[6.47,1.6]
[6.4799999999999995,1.6]
[6.49,1.6]
[6.5,2.4]
[6.51,2.4]
[6.52,2.4]
[6.53,2.4]
[6.54,2.4]
[6.55,2.4]
[6.56,2.4]
[6.57,2.4]
[6.58,2.4]
[6.59,2.4]
[6.6,2.4]
[6.61,2.4]
[6.62,2.4]
[6.63,2.4]
[6.64,2.4]
[6.65,2.4]
[6.66,2.4]
[6.67,2.4]
[6.68,2.4]
[6.6899999999999995,2.4]
[6.7,2.4]
[6.71,2.4]
[6.72,2.4]
[6.7299999999999995,2.4]
[6.74,2.4]
[6.75,2.4]
[6.76,2.4]
[6.77,2.4]
[6.78,2.4]
[6.79,2.4]
[6.8,2.4]
[6.81,2.4]
[6.82,2.4]
[6.83,2.4]
[6.84,2.4]
[6.85,2.4]
[6.86,2.4]
[6.87,2.4]
[6.88,2.4]
[6.89,2.4]
[6.9,2.4]
[6.91,2.4]
[6.92,2.4]
[6.93,2.4]
[6.9399999999999995,2.4]
[6.95,2.4]
[6.96,2.4]
[6.97,2.4]
[6.9799999999999995,2.4]
[6.99,2.4]
[7,2.4]
[7.01,2.4]
[7.02,2.4]
[7.03,2.4]
[7.04,2.4]
[7.05,2.4]
[7.06,2.4]
[7.07,2.4]
[7.08,2.4]
[7.09,2.4]
[7.1,2.4]
[7.11,2.4]
[7.12,2.4]
[7.13,2.4]
[7.14,2.4]
[7.15,2.4]
[7.16,2.4]
[7.17,2.4]
[7.18,2.4]
[7.1899999999999995,2.4]
[7.2,2.4]
[7.21,2.4]
[7.22,2.4]
[7.2299999999999995,2.4]
[7.24,2.4]
[7.25,2.4]
[7.26,2.4]
[7.27,2.4]
[7.28,2.4]
[7.29,2.4]
[7.3,2.4]
[7.31,2.4]
[7.32,2.4]
[7.33,2.4]
[7.34,2.4]
[7.35,2.4]
[7.36,2.4]
[7.37,2.4]
[7.38,2.4]
[7.39,2.4]
[7.4,2.4]
[7.41,2.4]
[7.42,2.4]
[7.43,2.4]
[7.4399999999999995,2.4]
[7.45,2.4]
[7.46,2.4]
[7.47,2.4]
[7.4799999999999995,2.4]
[7.49,2.4]
[7.5,3.2]
[7.51,3.2]
[7.52,3.2]
[7.53,3.2]
[7.54,3.2]
[7.55,3.2]
[7.56,3.2]
[7.57,3.2]
[7.58,3.2]
[7.59,3.2]
[7.6,3.2]
[7.61,3.2]
[7.62,3.2]
[7.63,3.2]
[7.64,3.2]
[7.65,3.2]
[7.66,3.2]
[7.67,3.2]
[7.68,3.2]
[7.6899999999999995,3.2]
[7.7,3.2]
[7.71,3.2]
[7.72,3.2]
[7.7299999999999995,3.2]
[7.74,3.2]
[7.75,3.2]
[7.76,3.2]
[7.77,3.2]
[7.78,3.2]
[7.79,3.2]
[7.8,3.2]
[7.81,3.2]
[7.82,3.2]
[7.83,3.2]
[7.84,3.2]
[7.85,3.2]
[7.86,3.2]
[7.87,3.2]
[7.88,3.2]
[7.89,3.2]
[7.9,3.2]
[7.91,3.2]
[7.92,3.2]
[7.93,3.2]
[7.94,3.2]
[7.95,3.2]
[7.96,3.2]
[7.97,3.2]
[7.9799999999999995,3.2]
[7.99,3.2]
[8,3.2]
[8.01,3.2]
[8.02,3.2]
[8.0299999999999994,3.2]
[8.0399999999999991,3.2]
[8.0500000000000007,3.2]
[8.06,3.2]
[8.07,3.2]
[8.08,3.2]
[8.09,3.2]
[8.1,3.2]
[8.11,3.2]
[8.1199999999999992,3.2]
[8.1300000000000008,3.2]
[8.14,3.2]
[8.15,3.2]
[8.16,3.2]
[8.17,3.2]
[8.18,3.2]
[8.19,3.2]
[8.1999999999999993,3.2]
[8.2099999999999991,3.2]
[8.2200000000000006,3.2]
[8.23,3.2]
[8.24,3.2]
[8.25,3.2]
[8.26,3.2]
[8.27,3.2]
[8.2799999999999994,3.2]
[8.2899999999999991,3.2]
[8.3000000000000007,3.2]
[8.31,3.2]
[8.32,3.2]
[8.33,3.2]
[8.34,3.2]
[8.35,3.2]
[8.36,3.2]
[8.3699999999999992,3.2]
[8.3800000000000008,3.2]
[8.39,3.2]
[8.4,3.2]
[8.41,3.2]
[8.42,3.2]
[8.43,3.2]
[8.44,3.2]
[8.4499999999999993,3.2]
[8.4599999999999991,3.2]
[8.4700000000000006,3.2]
[8.48,3.2]
[8.49,3.2]
[8.5,4]
[8.51,4]
[8.52,4]
[8.5299999999999994,4]
[8.5399999999999991,4]
[8.5500000000000007,4]
[8.56,4]
[8.57,4]
[8.58,4]
[8.59,4]
[8.6,4]
[8.61,4]
[8.6199999999999992,4]
[8.6300000000000008,4]
[8.64,4]
[8.65,4]
[8.66,4]
[8.67,4]
[8.68,4]
[8.69,4]
[8.6999999999999993,4]
[8.7100000000000009,4]
[8.7200000000000006,4]
[8.73,4]
[8.74,4]
[8.75,4]
[8.76,4]
[8.77,4]
[8.7799999999999994,4]
[8.7899999999999991,4]
[8.8000000000000007,4]
[8.81,4]
[8.82,4]
[8.83,4]
[8.84,4]
[8.85,4]
[8.86,4]
[8.8699999999999992,4]
[8.8800000000000008,4]
[8.89,4]
[8.9,4]
[8.91,4]
[8.92,4]
[8.93,4]
[8.94,4]
[8.9499999999999993,4]
[8.9600000000000009,4]
[8.9700000000000006,4]
[8.98,4]
[8.99,4]
[9,4]
[9.01,4]
[9.02,4]
[9.0299999999999994,4]
[9.0399999999999991,4]
[9.0500000000000007,4]
[9.06,4]
[9.07,4]
[9.08,4]
[9.09,4]
[9.1,4]
[9.11,4]
[9.1199999999999992,4]
[9.1300000000000008,4]
[9.14,4]
[9.15,4]
[9.16,4]
[9.17,4]
[9.18,4]
[9.19,4]
[9.1999999999999993,4]
[9.2100000000000009,4]
[9.2200000000000006,4]
[9.23,4]
[9.24,4]
[9.25,4]
[9.26,4]
[9.27,4]
[9.2799999999999994,4]
[9.2899999999999991,4]
[9.3000000000000007,4]
[9.31,4]
[9.32,4]
[9.33,4]
[9.34,4]
[9.35,4]
[9.36,4]
[9.3699999999999992,4]
[9.3800000000000008,4]
[9.39,4]
[9.4,4]
[9.41,4]
[9.42,4]
[9.43,4]
[9.44,4]
[9.4499999999999993,4]
[9.4600000000000009,4]
[9.4700000000000006,4]
[9.48,4]
[9.49,4]
[9.5,4.8]
[9.51,4.8]
[9.52,4.8]
[9.5299999999999994,4.8]
[9.5399999999999991,4.8]
[9.5500000000000007,4.8]
[9.56,4.8]
[9.57,4.8]
[9.58,4.8]
[9.59,4.8]
[9.6,4.8]
[9.61,4.8]
[9.6199999999999992,4.8]
[9.6300000000000008,4.8]
[9.64,4.8]
[9.65,4.8]
[9.66,4.8]
[9.67,4.8]
[9.68,4.8]
[9.69,4.8]
[9.6999999999999993,4.8]
[9.7100000000000009,4.8]
[9.7200000000000006,4.8]
[9.73,4.8]
[9.74,4.8]
[9.75,4.8]
[9.76,4.8]
[9.77,4.8]
[9.7799999999999994,4.8]
[9.7899999999999991,4.8]
[9.8000000000000007,4.8]
[9.81,4.8]
[9.82,4.8]
[9.83,4.8]
[9.84,4.8]
[9.85,4.8]
[9.86,4.8]
[9.8699999999999992,4.8]
[9.8800000000000008,4.8]
[9.89,4.8]
[9.9,4.8]
[9.91,4.8]
[9.92,4.8]
[9.93,4.8]
[9.94,4.8]
[9.9499999999999993,4.8]
[9.9600000000000009,4.8]
[9.9700000000000006,4.8]
[9.98,4.8]
[9.99,4.8]
[10,4.8]
[10.01,4.8]
[10.02,4.8]
[10.029999999999999,4.8]
[10.039999999999999,4.8]
[10.050000000000001,4.8]
[10.06,4.8]
[10.07,4.8]
[10.08,4.8]
[10.09,4.8]
[10.1,4.8]
[10.11,4.8]
[10.119999999999999,4.8]
[10.130000000000001,4.8]
[10.14,4.8]
[10.15,4.8]
[10.16,4.8]
[10.17,4.8]
[10.18,4.8]
[10.19,4.8]
[10.199999999999999,4.8]
[10.210000000000001,4.8]
[10.220000000000001,4.8]
[10.23,4.8]
[10.24,4.8]
[10.25,4.8]
[10.26,4.8]
[10.27,4.8]
[10.28,4.8]
[10.29,4.8]
[10.3,4.8]
[10.31,4.8]
[10.32,4.8]
[10.33,4.8]
[10.34,4.8]
[10.35,4.8]
[10.36,4.8]
[10.37,4.8]
[10.38,4.8]
[10.39,4.8]
[10.4,4.8]
[10.41,4.8]
[10.42,4.8]
[10.43,4.8]
[10.44,4.8]
[10.45,4.8]
[10.46,4.8]
[10.47,4.8]
[10.48,4.8]
[10.49,4.8]
[10.5,5.6]
[10.51,5.6]
[10.52,5.6]
[10.53,5.6]
[10.54,5.6]
[10.55,5.6]
[10.56,5.6]
[10.57,5.6]
[10.58,5.6]
[10.59,5.6]
[10.6,5.6]
[10.61,5.6]
[10.62,5.6]
[10.63,5.6]
[10.64,5.6]
[10.65,5.6]
[10.66,5.6]
[10.67,5.6]
[10.68,5.6]
[10.69,5.6]
[10.7,5.6]
[10.71,5.6]
[10.72,5.6]
[10.73,5.6]
[10.74,5.6]
[10.75,5.6]
[10.76,5.6]
[10.77,5.6]
[10.78,5.6]
[10.79,5.6]
[10.8,5.6]
[10.81,5.6]
[10.82,5.6]
[10.83,5.6]
[10.84,5.6]
[10.85,5.6]
[10.86,5.6]
[10.87,5.6]
[10.88,5.6]
[10.89,5.6]
[10.9,5.6]
[10.91,5.6]
[10.92,5.6]
[10.93,5.6]
[10.94,5.6]
[10.95,5.6]
[10.96,5.6]
[10.97,5.6]
[10.98,5.6]
[10.99,5.6]
[11,5.6]
[11.01,5.6]
[11.02,5.6]
[11.03,5.6]
[11.04,5.6]
[11.05,5.6]
[11.06,5.6]
[11.07,5.6]
[11.08,5.6]
[11.09,5.6]
[11.1,5.6]
[11.11,5.6]
[11.12,5.6]
[11.13,5.6]
[11.14,5.6]
[11.15,5.6]
[11.16,5.6]
[11.17,5.6]
[11.18,5.6]
[11.19,5.6]
[11.2,5.6]
[11.21,5.6]
[11.22,5.6]
[11.23,5.6]
[11.24,5.6]
[11.25,5.6]
[11.26,5.6]
[11.27,5.6]
[11.28,5.6]
[11.29,5.6]
[11.3,5.6]
[11.31,5.6]
[11.32,5.6]
[11.33,5.6]
[11.34,5.6]
[11.35,5.6]
[11.36,5.6]
[11.37,5.6]
[11.38,5.6]
[11.39,5.6]
[11.4,5.6]
[11.41,5.6]
[11.42,5.6]
[11.43,5.6]
[11.44,5.6]
[11.45,5.6]
[11.46,5.6]
[11.47,5.6]
[11.48,5.6]
[11.49,5.6]
[11.5,6.4]
[11.51,6.4]
[11.52,6.4]
[11.53,6.4]
[11.54,6.4]
[11.55,6.4]
[11.56,6.4]
[11.57,6.4]
[11.58,6.4]
[11.59,6.4]
[11.6,6.4]
[11.61,6.4]
[11.62,6.4]
[11.63,6.4]
[11.64,6.4]
[11.65,6.4]
[11.66,6.4]
[11.67,6.4]
[11.68,6.4]
[11.69,6.4]
[11.7,6.4]
[11.71,6.4]
[11.72,6.4]
[11.73,6.4]
[11.74,6.4]
[11.75,6.4]
[11.76,6.4]
[11.77,6.4]
[11.78,6.4]
[11.79,6.4]
[11.8,6.4]
[11.81,6.4]
[11.82,6.4]
[11.83,6.4]
[11.84,6.4]
[11.85,6.4]
[11.86,6.4]
[11.87,6.4]
[11.88,6.4]
[11.89,6.4]
[11.9,6.4]
[11.91,6.4]
[11.92,6.4]
[11.93,6.4]
[11.94,6.4]
[11.95,6.4]
[11.96,6.4]
[11.97,6.4]
[11.98,6.4]
[11.99,6.4]
[12,6.4]
[12.01,6.4]
[12.02,6.4]
[12.03,6.4]
[12.040000000000001,6.4]
[12.05,6.4]
[12.06,6.4]
[12.07,6.4]
[12.08,6.4]
[12.09,6.4]
[12.1,6.4]
[12.11,6.4]
[12.12,6.4]
[12.13,6.4]
[12.14,6.4]
[12.15,6.4]
[12.16,6.4]
[12.17,6.4]
[12.18,6.4]
[12.19,6.4]
[12.2,6.4]
[12.21,6.4]
[12.22,6.4]
[12.23,6.4]
[12.24,6.4]
[12.25,6.4]
[12.26,6.4]
[12.27,6.4]
[12.28,6.4]
[12.290000000000001,6.4]
[12.3,6.4]
[12.31,6.4]
[12.32,6.4]
[12.33,6.4]
[12.34,6.4]
[12.35,6.4]
[12.36,6.4]
[12.37,6.4]
[12.38,6.4]
[12.39,6.4]
[12.4,6.4]
[12.41,6.4]
[12.42,6.4]
[12.43,6.4]
[12.44,6.4]
[12.45,6.4]
[12.46,6.4]
[12.47,6.4]
[12.48,6.4]
[12.49,6.4]
[12.5,7.2]
[12.51,7.2]
[12.52,7.2]
[12.53,7.2]
[12.540000000000001,7.2]
[12.55,7.2]
[12.56,7.2]
[12.57,7.2]
[12.58,7.2]
[12.59,7.2]
[12.6,7.2]
[12.61,7.2]
[12.62,7.2]
[12.63,7.2]
[12.64,7.2]
[12.65,7.2]
[12.66,7.2]
[12.67,7.2]
[12.68,7.2]
[12.69,7.2]
[12.7,7.2]
[12.71,7.2]
[12.72,7.2]
[12.73,7.2]
[12.74,7.2]
[12.75,7.2]
[12.76,7.2]
[12.77,7.2]
[12.78,7.2]
[12.790000000000001,7.2]
[12.8,7.2]
[12.81,7.2]
[12.82,7.2]
[12.83,7.2]
[12.84,7.2]
[12.85,7.2]
[12.86,7.2]
[12.87,7.2]
[12.88,7.2]
[12.89,7.2]
[12.9,7.2]
[12.91,7.2]
[12.92,7.2]
[12.93,7.2]
[12.94,7.2]
[12.95,7.2]
[12.96,7.2]
[12.97,7.2]
[12.98,7.2]
[12.99,7.2]
[13,7.2]
[13.01,7.2]
[13.02,7.2]
[13.03,7.2]
[13.040000000000001,7.2]
[13.05,7.2]
[13.06,7.2]
[13.07,7.2]
[13.08,7.2]
[13.09,7.2]
[13.1,7.2]
[13.11,7.2]
[13.12,7.2]
[13.13,7.2]
[13.14,7.2]
[13.15,7.2]
[13.16,7.2]
[13.17,7.2]
[13.18,7.2]
[13.19,7.2]
[13.2,7.2]
[13.21,7.2]
[13.22,7.2]
[13.23,7.2]
[13.24,7.2]
[13.25,7.2]
[13.26,7.2]
[13.27,7.2]
[13.28,7.2]
[13.290000000000001,7.2]
[13.3,7.2]
[13.31,7.2]
[13.32,7.2]
[13.33,7.2]
[13.34,7.2]
[13.35,7.2]
[13.36,7.2]
[13.37,7.2]
[13.38,7.2]
[13.39,7.2]
[13.4,7.2]
[13.41,7.2]
[13.42,7.2]
[13.43,7.2]
[13.44,7.2]
[13.45,7.2]
[13.46,7.2]
[13.47,7.2]
[13.48,7.2]
[13.49,7.2]
[13.5,8]
[13.51,8]
[13.52,8]
[13.53,8]
[13.540000000000001,8]
[13.55,8]
[13.56,8]
[13.57,8]
[13.58,8]
[13.59,8]
[13.6,8]
[13.61,8]
[13.62,8]
[13.63,8]
[13.64,8]
[13.65,8]
[13.66,8]
[13.67,8]
[13.68,8]
[13.69,8]
[13.7,8]
[13.71,8]
[13.72,8]
[13.73,8]
[13.74,8]
[13.75,8]
[13.76,8]
[13.77,8]
[13.78,8]
[13.790000000000001,8]
[13.8,8]
[13.81,8]
[13.82,8]
[13.83,8]
[13.84,8]
[13.85,8]
[13.86,8]
[13.87,8]
[13.88,8]
[13.89,8]
[13.9,8]
[13.91,8]
[13.92,8]
[13.93,8]
[13.94,8]
[13.95,8]
[13.96,8]
[13.97,8]
[13.98,8]
[13.99,8]
[14,8]
[14.01,8]
[14.02,8]
[14.03,8]
[14.040000000000001,8]
[14.05,8]
[14.06,8]
[14.07,8]
[14.08,8]
[14.09,8]
[14.1,8]
[14.11,8]
[14.12,8]
[14.13,8]
[14.14,8]
[14.15,8]
[14.16,8]
[14.17,8]
[14.18,8]
[14.19,8]
[14.2,8]
[14.21,8]
[14.22,8]
[14.23,8]
[14.24,8]
[14.25,8]
[14.26,8]
[14.27,8]
[14.28,8]
[14.290000000000001,8]
[14.3,8]
[14.31,8]
[14.32,8]
[14.33,8]
[14.34,8]
[14.35,8]
[14.36,8]
[14.37,8]
[14.38,8]
[14.39,8]
[14.4,8]
[14.41,8]
[14.42,8]
[14.43,8]
[14.44,8]
[14.45,8]
[14.46,8]
[14.47,8]
[14.48,8]
[14.49,8]
[14.5,8.8000000000000007]
[14.51,8.8000000000000007]
[14.52,8.8000000000000007]
[14.53,8.8000000000000007]
[14.540000000000001,8.8000000000000007]
[14.55,8.8000000000000007]
[14.56,8.8000000000000007]
[14.57,8.8000000000000007]
[14.58,8.8000000000000007]
[14.59,8.8000000000000007]
[14.6,8.8000000000000007]
[14.61,8.8000000000000007]
[14.62,8.8000000000000007]
[14.63,8.8000000000000007]
[14.64,8.8000000000000007]
[14.65,8.8000000000000007]
[14.66,8.8000000000000007]
[14.67,8.8000000000000007]
[14.68,8.8000000000000007]
[14.69,8.8000000000000007]
[14.7,8.8000000000000007]
[14.71,8.8000000000000007]
[14.72,8.8000000000000007]
[14.73,8.8000000000000007]
[14.74,8.8000000000000007]
[14.75,8.8000000000000007]
[14.76,8.8000000000000007]
[14.77,8.8000000000000007]
[14.78,8.8000000000000007]
[14.790000000000001,8.8000000000000007]
[14.8,8.8000000000000007]
[14.81,8.8000000000000007]
[14.82,8.8000000000000007]
[14.83,8.8000000000000007]
[14.84,8.8000000000000007]
[14.85,8.8000000000000007]
[14.86,8.8000000000000007]
[14.87,8.8000000000000007]
[14.88,8.8000000000000007]
[14.89,8.8000000000000007]
[14.9,8.8000000000000007]
[14.91,8.8000000000000007]
[14.92,8.8000000000000007]
[14.93,8.8000000000000007]
[14.94,8.8000000000000007]
[14.95,8.8000000000000007]
[14.96,8.8000000000000007]
[14.97,8.8000000000000007]
[14.98,8.8000000000000007]
[14.99,8.8000000000000007]
[15,8.8000000000000007]
[15.01,8.8000000000000007]
[15.02,8.8000000000000007]
[15.03,8.8000000000000007]
[15.04,8.8000000000000007]
[15.05,8.8000000000000007]
[15.06,8.8000000000000007]
[15.07,8.8000000000000007]
[15.08,8.8000000000000007]
[15.09,8.8000000000000007]
[15.1,8.8000000000000007]
[15.11,8.8000000000000007]
[15.12,8.8000000000000007]
[15.13,8.8000000000000007]
[15.14,8.8000000000000007]
[15.15,8.8000000000000007]
[15.16,8.8000000000000007]
[15.17,8.8000000000000007]
[15.18,8.8000000000000007]
[15.19,8.8000000000000007]
[15.2,8.8000000000000007]
[15.21,8.8000000000000007]
[15.22,8.8000000000000007]
[15.23,8.8000000000000007]
[15.24,8.8000000000000007]
[15.25,8.8000000000000007]
[15.26,8.8000000000000007]
[15.27,8.8000000000000007]
[15.28,8.8000000000000007]
[15.29,8.8000000000000007]
[15.3,8.8000000000000007]
[15.31,8.8000000000000007]
[15.32,8.8000000000000007]
[15.33,8.8000000000000007]
[15.34,8.8000000000000007]
[15.35,8.8000000000000007]
[15.36,8.8000000000000007]
[15.37,8.8000000000000007]
[15.38,8.8000000000000007]
[15.39,8.8000000000000007]
[15.4,8.8000000000000007]
[15.41,8.8000000000000007]
[15.42,8.8000000000000007]
[15.43,8.8000000000000007]
[15.44,8.8000000000000007]
[15.45,8.8000000000000007]
[15.46,8.8000000000000007]
[15.47,8.8000000000000007]
[15.48,8.8000000000000007]
[15.49,8.8000000000000007]
[15.5,9.6]
[15.51,9.6]
[15.52,9.6]
[15.53,9.6]
[15.54,9.6]
[15.55,9.6]
[15.56,9.6]
[15.57,9.6]
[15.58,9.6]
[15.59,9.6]
[15.6,9.6]
[15.61,9.6]
[15.62,9.6]
[15.63,9.6]
[15.64,9.6]
[15.65,9.6]
[15.66,9.6]
[15.67,9.6]
[15.68,9.6]
[15.69,9.6]
[15.7,9.6]
[15.71,9.6]
[15.72,9.6]
[15.73,9.6]
[15.74,9.6]
[15.75,9.6]
[15.76,9.6]
[15.77,9.6]
[15.78,9.6]
[15.79,9.6]
[15.8,9.6]
[15.81,9.6]
[15.82,9.6]
[15.83,9.6]
[15.84,9.6]
[15.85,9.6]
[15.86,9.6]
[15.87,9.6]
[15.88,9.6]
[15.89,9.6]
[15.9,9.6]
[15.91,9.6]
[15.92,9.6]
[15.93,9.6]
[15.94,9.6]
[15.95,9.6]
[15.96,9.6]
[15.97,9.6]
[15.98,9.6]
[15.99,9.6]
[16,9.6]
[16.010000000000002,9.6]
[16.02,9.6]
[16.03,9.6]
[16.04,9.6]
[16.05,9.6]
[16.059999999999999,9.6]
[16.07,9.6]
[16.079999999999998,9.6]
[16.09,9.6]
[16.100000000000001,9.6]
[16.11,9.6]
[16.12,9.6]
[16.13,9.6]
[16.14,9.6]
[16.149999999999999,9.6]
[16.16,9.6]
[16.170000000000002,9.6]
[16.18,9.6]
[16.190000000000001,9.6]
[16.2,9.6]
[16.21,9.6]
[16.22,9.6]
[16.23,9.6]
[16.239999999999998,9.6]
[16.25,9.6]
[16.260000000000002,9.6]
[16.27,9.6]
[16.28,9.6]
[16.29,9.6]
[16.3,9.6]
[16.309999999999999,9.6]
[16.32,9.6]
[16.329999999999998,9.6]
[16.34,9.6]
[16.350000000000001,9.6]
[16.36,9.6]
[16.37,9.6]
[16.38,9.6]
[16.39,9.6]
[16.399999999999999,9.6]
[16.41,9.6]
[16.420000000000002,9.6]
[16.43,9.6]
[16.440000000000001,9.6]
[16.45,9.6]
[16.46,9.6]
[16.47,9.6]
[16.48,9.6]
[16.489999999999998,9.6]
[16.5,10.4]
[16.510000000000002,10.4]
[16.52,10.4]
[16.53,10.4]
[16.54,10.4]
[16.55,10.4]
[16.559999999999999,10.4]
[16.57,10.4]
[16.579999999999998,10.4]
[16.59,10.4]
[16.600000000000001,10.4]
[16.61,10.4]
[16.62,10.4]
[16.63,10.4]
[16.64,10.4]
[16.649999999999999,10.4]
[16.66,10.4]
[16.670000000000002,10.4]
[16.68,10.4]
[16.690000000000001,10.4]
[16.7,10.4]
[16.71,10.4]
[16.72,10.4]
[16.73,10.4]
[16.739999999999998,10.4]
[16.75,10.4]
[16.760000000000002,10.4]
[16.77,10.4]
[16.78,10.4]
[16.79,10.4]
[16.8,10.4]
[16.809999999999999,10.4]
[16.82,10.4]
[16.829999999999998,10.4]
[16.84,10.4]
[16.850000000000001,10.4]
[16.86,10.4]
[16.87,10.4]
[16.88,10.4]
[16.89,10.4]
[16.899999999999999,10.4]
[16.91,10.4]
[16.920000000000002,10.4]
[16.93,10.4]
[16.940000000000001,10.4]
[16.95,10.4]
[16.96,10.4]
[16.97,10.4]
[16.98,10.4]
[16.989999999999998,10.4]
[17,10.4]
[17.010000000000002,10.4]
[17.02,10.4]
[17.03,10.4]
[17.04,10.4]
[17.05,10.4]
[17.059999999999999,10.4]
[17.07,10.4]
[17.079999999999998,10.4]
[17.09,10.4]
[17.100000000000001,10.4]
[17.11,10.4]
[17.12,10.4]
[17.13,10.4]
[17.14,10.4]
[17.149999999999999,10.4]
[17.16,10.4]
[17.169999999999998,10.4]
[17.18,10.4]
[17.190000000000001,10.4]
[17.2,10.4]
[17.21,10.4]
[17.22,10.4]
[17.23,10.4]
[17.239999999999998,10.4]
[17.25,10.4]
[17.260000000000002,10.4]
[17.27,10.4]
[17.28,10.4]
[17.29,10.4]
[17.3,10.4]
[17.309999999999999,10.4]
[17.32,10.4]
[17.329999999999998,10.4]
[17.34,10.4]
[17.350000000000001,10.4]
[17.36,10.4]
[17.37,10.4]
[17.38,10.4]
[17.39,10.4]
[17.399999999999999,10.4]
[17.41,10.4]
[17.419999999999998,10.4]
[17.43,10.4]
[17.440000000000001,10.4]
[17.45,10.4]
[17.46,10.4]
[17.47,10.4]
[17.48,10.4]
[17.489999999999998,10.4]